{"id":46058,"date":"2026-04-10T14:07:22","date_gmt":"2026-04-10T11:07:22","guid":{"rendered":"https:\/\/kilosorunum.com\/habercim\/wp-content\/uploads\/2026\/04\/1-15-768x201-105.jpg"},"modified":"2026-04-10T14:09:29","modified_gmt":"2026-04-10T11:09:29","slug":"1-15-768x201-2425","status":"inherit","type":"attachment","link":"https:\/\/kilosorunum.com\/habercim\/genel\/sirasi-gelecek-dedi\/attachment\/1-15-768x201-2425\/","title":{"rendered":"S\u0131ras\u0131 gelecek dedi"},"author":2,"comment_status":"open","ping_status":"closed","template":"","meta":[],"description":{"rendered":"<p class=\"attachment\"><a href='https:\/\/kilosorunum.com\/habercim\/wp-content\/uploads\/2026\/04\/1-15-768x201-105.jpg'><img width=\"300\" height=\"79\" src=\"https:\/\/kilosorunum.com\/habercim\/wp-content\/uploads\/2026\/04\/1-15-768x201-105-300x79.jpg\" class=\"attachment-medium size-medium\" alt=\"\" loading=\"lazy\" srcset=\"https:\/\/kilosorunum.com\/habercim\/wp-content\/uploads\/2026\/04\/1-15-768x201-105-300x79.jpg 300w, https:\/\/kilosorunum.com\/habercim\/wp-content\/uploads\/2026\/04\/1-15-768x201-105.jpg 768w\" sizes=\"(max-width: 300px) 100vw, 300px\" \/><\/a><\/p>\n"},"caption":{"rendered":"<p>ABD medyas\u0131: Ate\u015fkesin L\u00fcbnan&#8217;\u0131 da kapsamas\u0131n\u0131 kabul eden Trump, Netanyahu ile g\u00f6r\u00fc\u015fmesinde fikir de\u011fi\u015ftirdi. ABD Ba\u015fkan\u0131 Donald Trump&#8217;\u0131n, ABD ile \u0130ran aras\u0131ndaki ge\u00e7ici ate\u015fkesin L\u00fcbnan&#8217;\u0131 da kapsamas\u0131n\u0131 ilk ba\u015fta kabul etti\u011fi ancak \u0130srail Ba\u015fbakan\u0131 Binyamin Netanyahu ile yapt\u0131\u011f\u0131 telefon g\u00f6r\u00fc\u015fmesinin ard\u0131ndan fikrini de\u011fi\u015ftirdi\u011fi \u00f6ne s\u00fcr\u00fcld\u00fc.<br \/>\nAmerikan CBS News kanal\u0131na konu\u015fan ve ad\u0131 a\u00e7\u0131klanmayan iki kaynak, Trump&#8217;\u0131n, L\u00fcbnan&#8217;la ilgili tutumunun nas\u0131l de\u011fi\u015fti\u011fini aktard\u0131.<\/p>\n<p>Habere g\u00f6re, ABD Ba\u015fkan\u0131 Trump, ilk ba\u015fta L\u00fcbnan&#8217;\u0131n da ge\u00e7ici ate\u015fkes anla\u015fmas\u0131na dahil edilmesine onay verdi.<\/p>\n<p>G\u00f6r\u00fc\u015fmelere arac\u0131l\u0131k eden ki\u015filer de L\u00fcbnan&#8217;\u0131n anla\u015fman\u0131n bir par\u00e7as\u0131 oldu\u011funu d\u00fc\u015f\u00fcnd\u00fc ve Pakistan Ba\u015fbakan\u0131 \u015eahbaz \u015eerif ile \u0130ran D\u0131\u015fi\u015fleri Bakan\u0131 Abbas Erak\u00e7i gibi isimler kamuoyuna bu y\u00f6nde a\u00e7\u0131klamalar yapt\u0131lar.<\/p>\n<p>Ge\u00e7ici ate\u015fkesin ilan edildi\u011fi g\u00fcn, bir Beyaz Saray yetkilisi CBS News&#8217;e, &#8220;\u0130srail&#8217;in de Pakistan&#8217;\u0131n arabuluculu\u011funda sa\u011flanan anla\u015fman\u0131n \u015fartlar\u0131n\u0131 kabul etti\u011fini&#8221; s\u00f6yledi.<\/p>\n<p>Ancak ayn\u0131 g\u00fcn Trump ile Netanyahu aras\u0131nda yap\u0131lan telefon g\u00f6r\u00fc\u015fmesinin ard\u0131ndan ABD Ba\u015fkan\u0131&#8217;n\u0131n, L\u00fcbnan konusundaki fikri de\u011fi\u015fti ve son a\u00e7\u0131klamalar\u0131nda &#8220;L\u00fcbnan&#8217;\u0131n Hizbullah&#8217;tan dolay\u0131 anla\u015fmaya dahil edilmedi\u011fini&#8221; ifade etti.<\/p>\n<p>ABD Ba\u015fkan\u0131 Trump, Amerikan medyas\u0131na d\u00fcn yapt\u0131\u011f\u0131 bir a\u00e7\u0131klamada, L\u00fcbnan&#8217;\u0131n anla\u015fmaya dahil edilmedi\u011fini kaydederek, &#8220;Hizbullah y\u00fcz\u00fcnden. Anla\u015fmaya dahil edilmediler. O mesele de halledilecek. Sorun yok.&#8221; diye kar\u015f\u0131l\u0131k vermi\u015fti.<\/p>\n<p>ABD-\u0130ran aras\u0131nda \u0130srail&#8217;i de kapsayan ge\u00e7ici ate\u015fkes<br \/>\nABD ve \u0130srail&#8217;in \u0130ran&#8217;a 28 \u015eubat&#8217;ta ba\u015flatt\u0131\u011f\u0131 sald\u0131r\u0131lar\u0131n ard\u0131ndan \u0130ran&#8217;\u0131n misillemeleri ile baz\u0131 b\u00f6lge \u00fclkelerine d\u00fczenledi\u011fi sald\u0131r\u0131larla sava\u015fa d\u00f6n\u00fc\u015fen s\u00fcre\u00e7te, ABD Ba\u015fkan\u0131 Donald Trump, 8 Nisan&#8217;da saat 01.30 sular\u0131nda ate\u015fkesi kabul etti\u011fini duyurdu.<\/p>\n<p>Trump, H\u00fcrm\u00fcz Bo\u011faz\u0131&#8217;n\u0131n a\u00e7\u0131lmas\u0131 \u015fart\u0131yla 2 haftal\u0131k ate\u015fkesi kabul ettiklerini, \u0130ran&#8217;dan 10 maddelik teklif ald\u0131klar\u0131n\u0131 ve bunun m\u00fczakere i\u00e7in uygulanabilir bir temel oldu\u011funu ifade etti.<\/p>\n<p>&#8220;\u0130ran&#8217;\u0131n sava\u015ftaki hedeflerine ula\u015ft\u0131\u011f\u0131&#8221; a\u00e7\u0131klamas\u0131nda bulunan \u0130ran Ulusal G\u00fcvenlik Y\u00fcksek Konseyi de nihai m\u00fczakerelerin \u0130slamabad&#8217;da en fazla 15 g\u00fcn i\u00e7inde sonu\u00e7land\u0131r\u0131lmas\u0131n\u0131n hedeflendi\u011fini bildirdi.<\/p>\n<p>T\u00fcrkiye, Pakistan ve M\u0131s\u0131r, ABD-\u0130ran aras\u0131ndaki mesaj al\u0131\u015fveri\u015finin s\u00fcrmesi ve sonuca ula\u015fmas\u0131 i\u00e7in yo\u011fun \u00e7aba g\u00f6sterdi.<\/p>\n<p>Ge\u00e7ici ate\u015fkesi destekledi\u011fini a\u00e7\u0131klayan \u0130srail y\u00f6netimi ise uzla\u015fmaya L\u00fcbnan konusunun dahil olmad\u0131\u011f\u0131n\u0131 savunarak L\u00fcbnan&#8217;a y\u00f6nelik sald\u0131r\u0131lar\u0131n\u0131 s\u00fcrd\u00fcr\u00fcyor.<\/p>\n<p>Kaynak : trthaber.com<\/p>\n"},"alt_text":"","media_type":"image","mime_type":"image\/jpeg","media_details":{"width":768,"height":201,"file":"2026\/04\/1-15-768x201-105.jpg","sizes":{"medium":{"file":"1-15-768x201-105-300x79.jpg","width":300,"height":79,"mime_type":"image\/jpeg","source_url":"https:\/\/kilosorunum.com\/habercim\/wp-content\/uploads\/2026\/04\/1-15-768x201-105-300x79.jpg"},"thumbnail":{"file":"1-15-768x201-105-150x150.jpg","width":150,"height":150,"mime_type":"image\/jpeg","source_url":"https:\/\/kilosorunum.com\/habercim\/wp-content\/uploads\/2026\/04\/1-15-768x201-105-150x150.jpg"},"kucukResim":{"file":"1-15-768x201-105-80x50.jpg","width":80,"height":50,"mime_type":"image\/jpeg","source_url":"https:\/\/kilosorunum.com\/habercim\/wp-content\/uploads\/2026\/04\/1-15-768x201-105-80x50.jpg"},"sliderResim":{"file":"1-15-768x201-105-670x201.jpg","width":670,"height":201,"mime_type":"image\/jpeg","source_url":"https:\/\/kilosorunum.com\/habercim\/wp-content\/uploads\/2026\/04\/1-15-768x201-105-670x201.jpg"},"resim1":{"file":"1-15-768x201-105-184x140.jpg","width":184,"height":140,"mime_type":"image\/jpeg","source_url":"https:\/\/kilosorunum.com\/habercim\/wp-content\/uploads\/2026\/04\/1-15-768x201-105-184x140.jpg"},"resim2":{"file":"1-15-768x201-105-216x103.jpg","width":216,"height":103,"mime_type":"image\/jpeg","source_url":"https:\/\/kilosorunum.com\/habercim\/wp-content\/uploads\/2026\/04\/1-15-768x201-105-216x103.jpg"},"resim3":{"file":"1-15-768x201-105-145x70.jpg","width":145,"height":70,"mime_type":"image\/jpeg","source_url":"https:\/\/kilosorunum.com\/habercim\/wp-content\/uploads\/2026\/04\/1-15-768x201-105-145x70.jpg"},"sagSlider":{"file":"1-15-768x201-105-300x150.jpg","width":300,"height":150,"mime_type":"image\/jpeg","source_url":"https:\/\/kilosorunum.com\/habercim\/wp-content\/uploads\/2026\/04\/1-15-768x201-105-300x150.jpg"},"yeniSlider":{"file":"1-15-768x201-105-500x201.jpg","width":500,"height":201,"mime_type":"image\/jpeg","source_url":"https:\/\/kilosorunum.com\/habercim\/wp-content\/uploads\/2026\/04\/1-15-768x201-105-500x201.jpg"},"full":{"file":"1-15-768x201-105.jpg","width":768,"height":201,"mime_type":"image\/jpeg","source_url":"https:\/\/kilosorunum.com\/habercim\/wp-content\/uploads\/2026\/04\/1-15-768x201-105.jpg"}},"image_meta":{"aperture":"0","credit":"","camera":"","caption":"","created_timestamp":"0","copyright":"","focal_length":"0","iso":"0","shutter_speed":"0","title":"","orientation":"0","keywords":[]}},"post":46056,"source_url":"https:\/\/kilosorunum.com\/habercim\/wp-content\/uploads\/2026\/04\/1-15-768x201-105.jpg","_links":{"self":[{"href":"https:\/\/kilosorunum.com\/habercim\/wp-json\/wp\/v2\/media\/46058"}],"collection":[{"href":"https:\/\/kilosorunum.com\/habercim\/wp-json\/wp\/v2\/media"}],"about":[{"href":"https:\/\/kilosorunum.com\/habercim\/wp-json\/wp\/v2\/types\/attachment"}],"author":[{"embeddable":true,"href":"https:\/\/kilosorunum.com\/habercim\/wp-json\/wp\/v2\/users\/2"}],"replies":[{"embeddable":true,"href":"https:\/\/kilosorunum.com\/habercim\/wp-json\/wp\/v2\/comments?post=46058"}]}}

Sırası gelecek dedi

<p>ABD medyası: Ateşkesin Lübnan&#8217;ı da kapsamasını kabul eden Trump, Netanyahu ile görüşmesinde fikir değiştirdi. ABD Başkanı Donald Trump&#8217;ın, ABD ile İran arasındaki geçici ateşkesin Lübnan&#8217;ı da kapsamasını ilk başta kabul ettiği ancak İsrail Başbakanı Binyamin Netanyahu ile yaptığı telefon görüşmesinin ardından fikrini değiştirdiği öne sürüldü.<br />
Amerikan CBS News kanalına konuşan ve adı açıklanmayan iki kaynak, Trump&#8217;ın, Lübnan&#8217;la ilgili tutumunun nasıl değiştiğini aktardı.</p>
<p>Habere göre, ABD Başkanı Trump, ilk başta Lübnan&#8217;ın da geçici ateşkes anlaşmasına dahil edilmesine onay verdi.</p>
<p>Görüşmelere aracılık eden kişiler de Lübnan&#8217;ın anlaşmanın bir parçası olduğunu düşündü ve Pakistan Başbakanı Şahbaz Şerif ile İran Dışişleri Bakanı Abbas Erakçi gibi isimler kamuoyuna bu yönde açıklamalar yaptılar.</p>
<p>Geçici ateşkesin ilan edildiği gün, bir Beyaz Saray yetkilisi CBS News&#8217;e, &#8220;İsrail&#8217;in de Pakistan&#8217;ın arabuluculuğunda sağlanan anlaşmanın şartlarını kabul ettiğini&#8221; söyledi.</p>
<p>Ancak aynı gün Trump ile Netanyahu arasında yapılan telefon görüşmesinin ardından ABD Başkanı&#8217;nın, Lübnan konusundaki fikri değişti ve son açıklamalarında &#8220;Lübnan&#8217;ın Hizbullah&#8217;tan dolayı anlaşmaya dahil edilmediğini&#8221; ifade etti.</p>
<p>ABD Başkanı Trump, Amerikan medyasına dün yaptığı bir açıklamada, Lübnan&#8217;ın anlaşmaya dahil edilmediğini kaydederek, &#8220;Hizbullah yüzünden. Anlaşmaya dahil edilmediler. O mesele de halledilecek. Sorun yok.&#8221; diye karşılık vermişti.</p>
<p>ABD-İran arasında İsrail&#8217;i de kapsayan geçici ateşkes<br />
ABD ve İsrail&#8217;in İran&#8217;a 28 Şubat&#8217;ta başlattığı saldırıların ardından İran&#8217;ın misillemeleri ile bazı bölge ülkelerine düzenlediği saldırılarla savaşa dönüşen süreçte, ABD Başkanı Donald Trump, 8 Nisan&#8217;da saat 01.30 sularında ateşkesi kabul ettiğini duyurdu.</p>
<p>Trump, Hürmüz Boğazı&#8217;nın açılması şartıyla 2 haftalık ateşkesi kabul ettiklerini, İran&#8217;dan 10 maddelik teklif aldıklarını ve bunun müzakere için uygulanabilir bir temel olduğunu ifade etti.</p>
<p>&#8220;İran&#8217;ın savaştaki hedeflerine ulaştığı&#8221; açıklamasında bulunan İran Ulusal Güvenlik Yüksek Konseyi de nihai müzakerelerin İslamabad&#8217;da en fazla 15 gün içinde sonuçlandırılmasının hedeflendiğini bildirdi.</p>
<p>Türkiye, Pakistan ve Mısır, ABD-İran arasındaki mesaj alışverişinin sürmesi ve sonuca ulaşması için yoğun çaba gösterdi.</p>
<p>Geçici ateşkesi desteklediğini açıklayan İsrail yönetimi ise uzlaşmaya Lübnan konusunun dahil olmadığını savunarak Lübnan&#8217;a yönelik saldırılarını sürdürüyor.</p>
<p>Kaynak : trthaber.com</p>
