{"id":46083,"date":"2026-04-10T21:03:53","date_gmt":"2026-04-10T18:03:53","guid":{"rendered":"https:\/\/kilosorunum.com\/habercim\/wp-content\/uploads\/2026\/04\/1-108.jpg"},"modified":"2026-04-10T21:06:48","modified_gmt":"2026-04-10T18:06:48","slug":"1-5843","status":"inherit","type":"attachment","link":"https:\/\/kilosorunum.com\/habercim\/foto-galeri\/turkiyeye-karsi\/attachment\/1-5843\/","title":{"rendered":"T\u00fcrkiye\u2019ye kar\u015f\u0131"},"author":2,"comment_status":"open","ping_status":"closed","template":"","meta":[],"description":{"rendered":"<p class=\"attachment\"><a href='https:\/\/kilosorunum.com\/habercim\/wp-content\/uploads\/2026\/04\/1-108.jpg'><img width=\"300\" height=\"169\" src=\"https:\/\/kilosorunum.com\/habercim\/wp-content\/uploads\/2026\/04\/1-108-300x169.jpg\" class=\"attachment-medium size-medium\" alt=\"\" loading=\"lazy\" srcset=\"https:\/\/kilosorunum.com\/habercim\/wp-content\/uploads\/2026\/04\/1-108-300x169.jpg 300w, https:\/\/kilosorunum.com\/habercim\/wp-content\/uploads\/2026\/04\/1-108-1024x576.jpg 1024w, https:\/\/kilosorunum.com\/habercim\/wp-content\/uploads\/2026\/04\/1-108-768x432.jpg 768w, https:\/\/kilosorunum.com\/habercim\/wp-content\/uploads\/2026\/04\/1-108.jpg 1200w\" sizes=\"(max-width: 300px) 100vw, 300px\" \/><\/a><\/p>\n"},"caption":{"rendered":"<p>X hesab\u0131ndan payla\u015ft\u0131\u011f\u0131 g\u00f6nderide Kent, olas\u0131 ayr\u0131lma karar\u0131n\u0131n, NATO \u00fcyesi T\u00fcrkiye&#8217;ye kar\u015f\u0131 \u0130srail&#8217;in yan\u0131nda saf tutma amac\u0131yla al\u0131naca\u011f\u0131n\u0131 ileri s\u00fcrd\u00fc.<\/p>\n<p>G\u00f6nderide, &#8220;Ne yaz\u0131k ki NATO&#8217;dan ayr\u0131lmak, \u00f6zg\u00fcrl\u00fc\u011f\u00fcm\u00fcz\u00fc k\u0131s\u0131tlayan ba\u011flardan kurtulmak i\u00e7in olmayacak. NATO&#8217;dan ayr\u0131laca\u011f\u0131z ki T\u00fcrkiye ile \u0130srail sonunda Suriye&#8217;de \u00e7at\u0131\u015ft\u0131\u011f\u0131nda \u0130srail&#8217;in yan\u0131nda yer alabilelim,&#8221; ifadeleri yer ald\u0131.<\/p>\n<p>G\u00f6nderi \u015f\u00f6yle devam etti: &#8220;T\u00fcm bunlar, sek\u00fcler Suriye h\u00fck\u00fcmetinin devrilmesini sa\u011flad\u0131ktan ve eski bir El Kaide\/I\u015e\u0130D liderini cumhurba\u015fkan\u0131 yapt\u0131ktan sonra ger\u00e7ekle\u015fiyor. Ortado\u011fu&#8217;da hem kundak\u00e7\u0131 hem de itfaiyeci rol\u00fc oynamay\u0131 b\u0131rakman\u0131n vakti geldi, buna de\u011fmez.&#8221; Kent&#8217;in ABD Donanmas\u0131nda g\u00f6revli e\u015fi, 2019&#8217;da Suriye&#8217;de \u00f6ld\u00fcr\u00fclm\u00fc\u015ft\u00fc. \u0130ran sava\u015f\u0131n\u0131n ba\u015flamas\u0131n\u0131n ard\u0131ndan Kent g\u00f6revinden istifa etmi\u015fti. \u0130stifa a\u00e7\u0131klamas\u0131nda \u0130sraillilerin ABD&#8217;yi sava\u015fa s\u00fcr\u00fckledi\u011fini s\u00f6yleyerek, son sava\u015f\u0131 Irak i\u015fgaline benzetmi\u015fti.<\/p>\n<p>Trump&#8217;\u0131n tehditleri ve T\u00fcrkiye \u00f6vg\u00fcs\u00fc<br \/>\nABD Ba\u015fkan\u0131 Trump, sava\u015f\u0131n s\u0131cak evresinde H\u00fcrm\u00fcz Bo\u011faz\u0131&#8217;na y\u00f6nelik planlara destek vermedikleri gerek\u00e7esiyle NATO m\u00fcttefiklerine defalarca kez y\u00fcklenmi\u015f ve ittifak\u0131 &#8220;ka\u011f\u0131ttan kaplan&#8221; diye nitelendirmi\u015fti. Ge\u00e7en hafta yapt\u0131\u011f\u0131 a\u00e7\u0131klamalarda Trump, ABD&#8217;nin NATO&#8217;ya katk\u0131s\u0131n\u0131 yeniden g\u00f6zden ge\u00e7irece\u011fini s\u00f6ylemi\u015fti.<\/p>\n<p>Bu hafta ABD&#8217;nin \u00f6nde gelen medya organlar\u0131ndan Wall Street Journal, Trump&#8217;\u0131n bu NATO \u00fcyelerini cezaland\u0131rmay\u0131 planlad\u0131\u011f\u0131n\u0131 \u00f6ne s\u00fcrd\u00fc.<\/p>\n<p>\u00d6te yandan Trump, s\u00f6z konusu \u00fclkelere sert ele\u015ftirilerini s\u00fcrd\u00fcr\u00fcrken, T\u00fcrkiye&#8217;ye te\u015fekk\u00fcr etmi\u015f ve \u015fu ifadeleri kullanm\u0131\u015ft\u0131: &#8220;Bence T\u00fcrkiye \u015fahaneydi. Asl\u0131nda harikayd\u0131; girmemelerini istedi\u011fimiz i\u015flerin d\u0131\u015f\u0131nda kald\u0131lar. Recep Tayyip Erdo\u011fan harika bir lider.&#8221;<\/p>\n<p>Kaynak : tr.euronews.com<br \/>\nNot : T\u00fcrkiye&#8217;de milyonlarca insan Cumhurba\u015fkan\u0131 Recep Tayyip Erdo\u011fan&#8217;a destek veren mesajlar yay\u0131mlad\u0131. Devletimizi destekliyoruz&#8230;<\/p>\n"},"alt_text":"","media_type":"image","mime_type":"image\/jpeg","media_details":{"width":1200,"height":675,"file":"2026\/04\/1-108.jpg","sizes":{"medium":{"file":"1-108-300x169.jpg","width":300,"height":169,"mime_type":"image\/jpeg","source_url":"https:\/\/kilosorunum.com\/habercim\/wp-content\/uploads\/2026\/04\/1-108-300x169.jpg"},"large":{"file":"1-108-1024x576.jpg","width":1024,"height":576,"mime_type":"image\/jpeg","source_url":"https:\/\/kilosorunum.com\/habercim\/wp-content\/uploads\/2026\/04\/1-108-1024x576.jpg"},"thumbnail":{"file":"1-108-150x150.jpg","width":150,"height":150,"mime_type":"image\/jpeg","source_url":"https:\/\/kilosorunum.com\/habercim\/wp-content\/uploads\/2026\/04\/1-108-150x150.jpg"},"medium_large":{"file":"1-108-768x432.jpg","width":768,"height":432,"mime_type":"image\/jpeg","source_url":"https:\/\/kilosorunum.com\/habercim\/wp-content\/uploads\/2026\/04\/1-108-768x432.jpg"},"kucukResim":{"file":"1-108-80x50.jpg","width":80,"height":50,"mime_type":"image\/jpeg","source_url":"https:\/\/kilosorunum.com\/habercim\/wp-content\/uploads\/2026\/04\/1-108-80x50.jpg"},"sliderResim":{"file":"1-108-670x330.jpg","width":670,"height":330,"mime_type":"image\/jpeg","source_url":"https:\/\/kilosorunum.com\/habercim\/wp-content\/uploads\/2026\/04\/1-108-670x330.jpg"},"resim1":{"file":"1-108-184x140.jpg","width":184,"height":140,"mime_type":"image\/jpeg","source_url":"https:\/\/kilosorunum.com\/habercim\/wp-content\/uploads\/2026\/04\/1-108-184x140.jpg"},"resim2":{"file":"1-108-216x103.jpg","width":216,"height":103,"mime_type":"image\/jpeg","source_url":"https:\/\/kilosorunum.com\/habercim\/wp-content\/uploads\/2026\/04\/1-108-216x103.jpg"},"resim3":{"file":"1-108-145x70.jpg","width":145,"height":70,"mime_type":"image\/jpeg","source_url":"https:\/\/kilosorunum.com\/habercim\/wp-content\/uploads\/2026\/04\/1-108-145x70.jpg"},"sagSlider":{"file":"1-108-300x150.jpg","width":300,"height":150,"mime_type":"image\/jpeg","source_url":"https:\/\/kilosorunum.com\/habercim\/wp-content\/uploads\/2026\/04\/1-108-300x150.jpg"},"yeniSlider":{"file":"1-108-500x290.jpg","width":500,"height":290,"mime_type":"image\/jpeg","source_url":"https:\/\/kilosorunum.com\/habercim\/wp-content\/uploads\/2026\/04\/1-108-500x290.jpg"},"full":{"file":"1-108.jpg","width":1200,"height":675,"mime_type":"image\/jpeg","source_url":"https:\/\/kilosorunum.com\/habercim\/wp-content\/uploads\/2026\/04\/1-108.jpg"}},"image_meta":{"aperture":"0","credit":"","camera":"","caption":"","created_timestamp":"0","copyright":"","focal_length":"0","iso":"0","shutter_speed":"0","title":"","orientation":"0","keywords":[]}},"post":46081,"source_url":"https:\/\/kilosorunum.com\/habercim\/wp-content\/uploads\/2026\/04\/1-108.jpg","_links":{"self":[{"href":"https:\/\/kilosorunum.com\/habercim\/wp-json\/wp\/v2\/media\/46083"}],"collection":[{"href":"https:\/\/kilosorunum.com\/habercim\/wp-json\/wp\/v2\/media"}],"about":[{"href":"https:\/\/kilosorunum.com\/habercim\/wp-json\/wp\/v2\/types\/attachment"}],"author":[{"embeddable":true,"href":"https:\/\/kilosorunum.com\/habercim\/wp-json\/wp\/v2\/users\/2"}],"replies":[{"embeddable":true,"href":"https:\/\/kilosorunum.com\/habercim\/wp-json\/wp\/v2\/comments?post=46083"}]}}

Türkiye’ye karşı

<p>X hesabından paylaştığı gönderide Kent, olası ayrılma kararının, NATO üyesi Türkiye&#8217;ye karşı İsrail&#8217;in yanında saf tutma amacıyla alınacağını ileri sürdü.</p>
<p>Gönderide, &#8220;Ne yazık ki NATO&#8217;dan ayrılmak, özgürlüğümüzü kısıtlayan bağlardan kurtulmak için olmayacak. NATO&#8217;dan ayrılacağız ki Türkiye ile İsrail sonunda Suriye&#8217;de çatıştığında İsrail&#8217;in yanında yer alabilelim,&#8221; ifadeleri yer aldı.</p>
<p>Gönderi şöyle devam etti: &#8220;Tüm bunlar, seküler Suriye hükümetinin devrilmesini sağladıktan ve eski bir El Kaide/IŞİD liderini cumhurbaşkanı yaptıktan sonra gerçekleşiyor. Ortadoğu&#8217;da hem kundakçı hem de itfaiyeci rolü oynamayı bırakmanın vakti geldi, buna değmez.&#8221; Kent&#8217;in ABD Donanmasında görevli eşi, 2019&#8217;da Suriye&#8217;de öldürülmüştü. İran savaşının başlamasının ardından Kent görevinden istifa etmişti. İstifa açıklamasında İsraillilerin ABD&#8217;yi savaşa sürüklediğini söyleyerek, son savaşı Irak işgaline benzetmişti.</p>
<p>Trump&#8217;ın tehditleri ve Türkiye övgüsü<br />
ABD Başkanı Trump, savaşın sıcak evresinde Hürmüz Boğazı&#8217;na yönelik planlara destek vermedikleri gerekçesiyle NATO müttefiklerine defalarca kez yüklenmiş ve ittifakı &#8220;kağıttan kaplan&#8221; diye nitelendirmişti. Geçen hafta yaptığı açıklamalarda Trump, ABD&#8217;nin NATO&#8217;ya katkısını yeniden gözden geçireceğini söylemişti.</p>
<p>Bu hafta ABD&#8217;nin önde gelen medya organlarından Wall Street Journal, Trump&#8217;ın bu NATO üyelerini cezalandırmayı planladığını öne sürdü.</p>
<p>Öte yandan Trump, söz konusu ülkelere sert eleştirilerini sürdürürken, Türkiye&#8217;ye teşekkür etmiş ve şu ifadeleri kullanmıştı: &#8220;Bence Türkiye şahaneydi. Aslında harikaydı; girmemelerini istediğimiz işlerin dışında kaldılar. Recep Tayyip Erdoğan harika bir lider.&#8221;</p>
<p>Kaynak : tr.euronews.com<br />
Not : Türkiye&#8217;de milyonlarca insan Cumhurbaşkanı Recep Tayyip Erdoğan&#8217;a destek veren mesajlar yayımladı. Devletimizi destekliyoruz&#8230;</p>
