{"id":46292,"date":"2026-04-13T21:37:29","date_gmt":"2026-04-13T18:37:29","guid":{"rendered":"https:\/\/kilosorunum.com\/habercim\/wp-content\/uploads\/2026\/04\/1-164.jpg"},"modified":"2026-04-13T21:39:55","modified_gmt":"2026-04-13T18:39:55","slug":"1-5899","status":"inherit","type":"attachment","link":"https:\/\/kilosorunum.com\/habercim\/foto-galeri\/konyadan-geldi\/attachment\/1-5899\/","title":{"rendered":"KONYA&#8217;DAN GELD\u0130"},"author":2,"comment_status":"open","ping_status":"closed","template":"","meta":[],"description":{"rendered":"<p class=\"attachment\"><a href='https:\/\/kilosorunum.com\/habercim\/wp-content\/uploads\/2026\/04\/1-164.jpg'><img width=\"300\" height=\"169\" src=\"https:\/\/kilosorunum.com\/habercim\/wp-content\/uploads\/2026\/04\/1-164-300x169.jpg\" class=\"attachment-medium size-medium\" alt=\"\" loading=\"lazy\" srcset=\"https:\/\/kilosorunum.com\/habercim\/wp-content\/uploads\/2026\/04\/1-164-300x169.jpg 300w, https:\/\/kilosorunum.com\/habercim\/wp-content\/uploads\/2026\/04\/1-164-1024x576.jpg 1024w, https:\/\/kilosorunum.com\/habercim\/wp-content\/uploads\/2026\/04\/1-164-768x432.jpg 768w, https:\/\/kilosorunum.com\/habercim\/wp-content\/uploads\/2026\/04\/1-164.jpg 1200w\" sizes=\"(max-width: 300px) 100vw, 300px\" \/><\/a><\/p>\n"},"caption":{"rendered":"<p>Konya&#8217;da meydana gelen, bir t\u0131r ve otomobilin kar\u0131\u015ft\u0131\u011f\u0131 trafik kazas\u0131nda 2 ki\u015fi hayat\u0131n\u0131 kaybetti.<br \/>\nKonya&#8217;da t\u0131r ile otomobil \u00e7arp\u0131\u015ft\u0131: 2 \u00f6l\u00fc<br \/>\nKonya&#8217;n\u0131n Seydi\u015fehir il\u00e7esinde \u015farampole devrilen otomobildeki bir ki\u015fi \u00f6ld\u00fc. Bir ki\u015fi ise yaraland\u0131.<br \/>\nKonya&#8217;da otomobil \u015farampole devrildi! 1 \u00f6l\u00fc<br \/>\nKonya&#8217;da iddiaya g\u00f6re, 20 ya\u015f\u0131ndaki E.K., 44 ya\u015f\u0131ndaki day\u0131s\u0131 R.G.&#8217;yi b\u0131\u00e7aklayarak \u00f6ld\u00fcrd\u00fc. \u015eah\u0131s g\u00f6zalt\u0131na al\u0131nd\u0131ktan sonra \u00e7\u0131kar\u0131ld\u0131\u011f\u0131 mahkemece tutuklanarak cezaevine g\u00f6nderildi.<br \/>\nOlay, d\u00fcn saat 18:30\u2019da Konya\u2019n\u0131n merkez Meram il\u00e7esine ba\u011fl\u0131 Ulu\u0131rmak Mahallesi Asl\u0131 Sokak\u2019ta meydana geldi. Nazrin Malikova&#8217;n\u0131n haberine g\u00f6re, 44 ya\u015f\u0131ndaki R.G. isimli \u015fah\u0131s ile 20 ya\u015f\u0131ndaki ye\u011feni E.K. aras\u0131nda iddiaya g\u00f6re tart\u0131\u015fma \u00e7\u0131kt\u0131.<\/p>\n"},"alt_text":"","media_type":"image","mime_type":"image\/jpeg","media_details":{"width":1200,"height":675,"file":"2026\/04\/1-164.jpg","sizes":{"medium":{"file":"1-164-300x169.jpg","width":300,"height":169,"mime_type":"image\/jpeg","source_url":"https:\/\/kilosorunum.com\/habercim\/wp-content\/uploads\/2026\/04\/1-164-300x169.jpg"},"large":{"file":"1-164-1024x576.jpg","width":1024,"height":576,"mime_type":"image\/jpeg","source_url":"https:\/\/kilosorunum.com\/habercim\/wp-content\/uploads\/2026\/04\/1-164-1024x576.jpg"},"thumbnail":{"file":"1-164-150x150.jpg","width":150,"height":150,"mime_type":"image\/jpeg","source_url":"https:\/\/kilosorunum.com\/habercim\/wp-content\/uploads\/2026\/04\/1-164-150x150.jpg"},"medium_large":{"file":"1-164-768x432.jpg","width":768,"height":432,"mime_type":"image\/jpeg","source_url":"https:\/\/kilosorunum.com\/habercim\/wp-content\/uploads\/2026\/04\/1-164-768x432.jpg"},"kucukResim":{"file":"1-164-80x50.jpg","width":80,"height":50,"mime_type":"image\/jpeg","source_url":"https:\/\/kilosorunum.com\/habercim\/wp-content\/uploads\/2026\/04\/1-164-80x50.jpg"},"sliderResim":{"file":"1-164-670x330.jpg","width":670,"height":330,"mime_type":"image\/jpeg","source_url":"https:\/\/kilosorunum.com\/habercim\/wp-content\/uploads\/2026\/04\/1-164-670x330.jpg"},"resim1":{"file":"1-164-184x140.jpg","width":184,"height":140,"mime_type":"image\/jpeg","source_url":"https:\/\/kilosorunum.com\/habercim\/wp-content\/uploads\/2026\/04\/1-164-184x140.jpg"},"resim2":{"file":"1-164-216x103.jpg","width":216,"height":103,"mime_type":"image\/jpeg","source_url":"https:\/\/kilosorunum.com\/habercim\/wp-content\/uploads\/2026\/04\/1-164-216x103.jpg"},"resim3":{"file":"1-164-145x70.jpg","width":145,"height":70,"mime_type":"image\/jpeg","source_url":"https:\/\/kilosorunum.com\/habercim\/wp-content\/uploads\/2026\/04\/1-164-145x70.jpg"},"sagSlider":{"file":"1-164-300x150.jpg","width":300,"height":150,"mime_type":"image\/jpeg","source_url":"https:\/\/kilosorunum.com\/habercim\/wp-content\/uploads\/2026\/04\/1-164-300x150.jpg"},"yeniSlider":{"file":"1-164-500x290.jpg","width":500,"height":290,"mime_type":"image\/jpeg","source_url":"https:\/\/kilosorunum.com\/habercim\/wp-content\/uploads\/2026\/04\/1-164-500x290.jpg"},"full":{"file":"1-164.jpg","width":1200,"height":675,"mime_type":"image\/jpeg","source_url":"https:\/\/kilosorunum.com\/habercim\/wp-content\/uploads\/2026\/04\/1-164.jpg"}},"image_meta":{"aperture":"0","credit":"","camera":"","caption":"","created_timestamp":"0","copyright":"","focal_length":"0","iso":"0","shutter_speed":"0","title":"","orientation":"0","keywords":[]}},"post":46290,"source_url":"https:\/\/kilosorunum.com\/habercim\/wp-content\/uploads\/2026\/04\/1-164.jpg","_links":{"self":[{"href":"https:\/\/kilosorunum.com\/habercim\/wp-json\/wp\/v2\/media\/46292"}],"collection":[{"href":"https:\/\/kilosorunum.com\/habercim\/wp-json\/wp\/v2\/media"}],"about":[{"href":"https:\/\/kilosorunum.com\/habercim\/wp-json\/wp\/v2\/types\/attachment"}],"author":[{"embeddable":true,"href":"https:\/\/kilosorunum.com\/habercim\/wp-json\/wp\/v2\/users\/2"}],"replies":[{"embeddable":true,"href":"https:\/\/kilosorunum.com\/habercim\/wp-json\/wp\/v2\/comments?post=46292"}]}}

KONYA&#8217;DAN GELDİ

<p>Konya&#8217;da meydana gelen, bir tır ve otomobilin karıştığı trafik kazasında 2 kişi hayatını kaybetti.<br />
Konya&#8217;da tır ile otomobil çarpıştı: 2 ölü<br />
Konya&#8217;nın Seydişehir ilçesinde şarampole devrilen otomobildeki bir kişi öldü. Bir kişi ise yaralandı.<br />
Konya&#8217;da otomobil şarampole devrildi! 1 ölü<br />
Konya&#8217;da iddiaya göre, 20 yaşındaki E.K., 44 yaşındaki dayısı R.G.&#8217;yi bıçaklayarak öldürdü. Şahıs gözaltına alındıktan sonra çıkarıldığı mahkemece tutuklanarak cezaevine gönderildi.<br />
Olay, dün saat 18:30’da Konya’nın merkez Meram ilçesine bağlı Uluırmak Mahallesi Aslı Sokak’ta meydana geldi. Nazrin Malikova&#8217;nın haberine göre, 44 yaşındaki R.G. isimli şahıs ile 20 yaşındaki yeğeni E.K. arasında iddiaya göre tartışma çıktı.</p>
