{"id":46297,"date":"2026-04-13T21:41:34","date_gmt":"2026-04-13T18:41:34","guid":{"rendered":"https:\/\/kilosorunum.com\/habercim\/wp-content\/uploads\/2026\/04\/1-166.jpg"},"modified":"2026-04-13T21:42:28","modified_gmt":"2026-04-13T18:42:28","slug":"1-5901","status":"inherit","type":"attachment","link":"https:\/\/kilosorunum.com\/habercim\/foto-galeri\/13-ilimiz-icin-geliyor\/attachment\/1-5901\/","title":{"rendered":"13 ilimiz i\u00e7in geliyor"},"author":2,"comment_status":"open","ping_status":"closed","template":"","meta":[],"description":{"rendered":"<p class=\"attachment\"><a href='https:\/\/kilosorunum.com\/habercim\/wp-content\/uploads\/2026\/04\/1-166.jpg'><img width=\"300\" height=\"169\" src=\"https:\/\/kilosorunum.com\/habercim\/wp-content\/uploads\/2026\/04\/1-166-300x169.jpg\" class=\"attachment-medium size-medium\" alt=\"\" loading=\"lazy\" srcset=\"https:\/\/kilosorunum.com\/habercim\/wp-content\/uploads\/2026\/04\/1-166-300x169.jpg 300w, https:\/\/kilosorunum.com\/habercim\/wp-content\/uploads\/2026\/04\/1-166-1024x576.jpg 1024w, https:\/\/kilosorunum.com\/habercim\/wp-content\/uploads\/2026\/04\/1-166-768x432.jpg 768w, https:\/\/kilosorunum.com\/habercim\/wp-content\/uploads\/2026\/04\/1-166.jpg 1200w\" sizes=\"(max-width: 300px) 100vw, 300px\" \/><\/a><\/p>\n"},"caption":{"rendered":"<p>\u00c7evre, \u015eehircilik ve \u0130klim De\u011fi\u015fikli\u011fi Bakanl\u0131\u011f\u0131 Meteoroloji Genel M\u00fcd\u00fcrl\u00fc\u011f\u00fc Hava Tahmin Uzman\u0131 Cengiz \u00c7elik, bu hafta yurtta beklenen hava durumuna ili\u015fkin de\u011ferlendirmede bulundu.<\/p>\n<p>\u00c7elik, yap\u0131lan son de\u011ferlendirmelere g\u00f6re, so\u011fuk ve ya\u011f\u0131\u015fl\u0131 havan\u0131n do\u011fu b\u00f6lgelerde etkili olduktan sonra yurdu terk edece\u011fini s\u00f6yledi.<\/p>\n<p>Sal\u0131, \u00e7ar\u015famba ve per\u015fembe g\u00fcnleri yurtta, ya\u011f\u0131\u015fs\u0131z ve par\u00e7al\u0131 az bulutlu bir hava ya\u015fanaca\u011f\u0131n\u0131 aktaran \u00c7elik, &#8220;S\u0131cakl\u0131klar sal\u0131 g\u00fcn\u00fcnden itibaren \u00f6zellikle i\u00e7 kesimlerde h\u0131zla y\u00fckselecek. Sal\u0131 g\u00fcn\u00fcnden itibaren i\u00e7 kesimlerde 4 ila 8 derecelik bir s\u0131cakl\u0131k art\u0131\u015f\u0131 bekliyoruz. Di\u011fer yerlerde ise 2 ila 4 derecelik s\u0131cakl\u0131k art\u0131\u015f\u0131n\u0131 g\u00f6rece\u011fiz&#8221; diye konu\u015ftu. \u00c7elik, ya\u011f\u0131\u015flar\u0131n yar\u0131n Orta ve Do\u011fu Karadeniz ile Do\u011fu ve G\u00fcneydo\u011fu Anadolu b\u00f6lgelerinde g\u00f6r\u00fclece\u011fini anlatarak, yar\u0131ndan itibaren yurt genelinde ya\u011f\u0131\u015f beklenmedi\u011fini s\u00f6yledi.<\/p>\n<p>Gelecek 3 g\u00fcn boyunca Ankara, \u0130stanbul ve \u0130zmir&#8217;de ya\u011f\u0131\u015f beklenmedi\u011fini aktaran \u00c7elik, &#8220;Ankara&#8217;da yar\u0131n 12 derece olan s\u0131cakl\u0131k, sal\u0131 16, \u00e7ar\u015famba 19 dereceye kadar \u00e7\u0131kacak. \u0130stanbul&#8217;daki s\u0131cakl\u0131klar 15, sal\u0131 17, \u00e7ar\u015famba 16 derece. \u0130zmir&#8217;de de s\u0131cakl\u0131klar yar\u0131n 22 dereceye kadar \u00e7\u0131k\u0131yor. S\u0131cakl\u0131klar \u0130zmir&#8217;de sal\u0131 24, \u00e7ar\u015famba 23 derece&#8221; bilgisini verdi.<\/p>\n<p>Kaynak : trthaber.com<\/p>\n"},"alt_text":"","media_type":"image","mime_type":"image\/jpeg","media_details":{"width":1200,"height":675,"file":"2026\/04\/1-166.jpg","sizes":{"medium":{"file":"1-166-300x169.jpg","width":300,"height":169,"mime_type":"image\/jpeg","source_url":"https:\/\/kilosorunum.com\/habercim\/wp-content\/uploads\/2026\/04\/1-166-300x169.jpg"},"large":{"file":"1-166-1024x576.jpg","width":1024,"height":576,"mime_type":"image\/jpeg","source_url":"https:\/\/kilosorunum.com\/habercim\/wp-content\/uploads\/2026\/04\/1-166-1024x576.jpg"},"thumbnail":{"file":"1-166-150x150.jpg","width":150,"height":150,"mime_type":"image\/jpeg","source_url":"https:\/\/kilosorunum.com\/habercim\/wp-content\/uploads\/2026\/04\/1-166-150x150.jpg"},"medium_large":{"file":"1-166-768x432.jpg","width":768,"height":432,"mime_type":"image\/jpeg","source_url":"https:\/\/kilosorunum.com\/habercim\/wp-content\/uploads\/2026\/04\/1-166-768x432.jpg"},"kucukResim":{"file":"1-166-80x50.jpg","width":80,"height":50,"mime_type":"image\/jpeg","source_url":"https:\/\/kilosorunum.com\/habercim\/wp-content\/uploads\/2026\/04\/1-166-80x50.jpg"},"sliderResim":{"file":"1-166-670x330.jpg","width":670,"height":330,"mime_type":"image\/jpeg","source_url":"https:\/\/kilosorunum.com\/habercim\/wp-content\/uploads\/2026\/04\/1-166-670x330.jpg"},"resim1":{"file":"1-166-184x140.jpg","width":184,"height":140,"mime_type":"image\/jpeg","source_url":"https:\/\/kilosorunum.com\/habercim\/wp-content\/uploads\/2026\/04\/1-166-184x140.jpg"},"resim2":{"file":"1-166-216x103.jpg","width":216,"height":103,"mime_type":"image\/jpeg","source_url":"https:\/\/kilosorunum.com\/habercim\/wp-content\/uploads\/2026\/04\/1-166-216x103.jpg"},"resim3":{"file":"1-166-145x70.jpg","width":145,"height":70,"mime_type":"image\/jpeg","source_url":"https:\/\/kilosorunum.com\/habercim\/wp-content\/uploads\/2026\/04\/1-166-145x70.jpg"},"sagSlider":{"file":"1-166-300x150.jpg","width":300,"height":150,"mime_type":"image\/jpeg","source_url":"https:\/\/kilosorunum.com\/habercim\/wp-content\/uploads\/2026\/04\/1-166-300x150.jpg"},"yeniSlider":{"file":"1-166-500x290.jpg","width":500,"height":290,"mime_type":"image\/jpeg","source_url":"https:\/\/kilosorunum.com\/habercim\/wp-content\/uploads\/2026\/04\/1-166-500x290.jpg"},"full":{"file":"1-166.jpg","width":1200,"height":675,"mime_type":"image\/jpeg","source_url":"https:\/\/kilosorunum.com\/habercim\/wp-content\/uploads\/2026\/04\/1-166.jpg"}},"image_meta":{"aperture":"0","credit":"","camera":"","caption":"","created_timestamp":"0","copyright":"","focal_length":"0","iso":"0","shutter_speed":"0","title":"","orientation":"0","keywords":[]}},"post":46295,"source_url":"https:\/\/kilosorunum.com\/habercim\/wp-content\/uploads\/2026\/04\/1-166.jpg","_links":{"self":[{"href":"https:\/\/kilosorunum.com\/habercim\/wp-json\/wp\/v2\/media\/46297"}],"collection":[{"href":"https:\/\/kilosorunum.com\/habercim\/wp-json\/wp\/v2\/media"}],"about":[{"href":"https:\/\/kilosorunum.com\/habercim\/wp-json\/wp\/v2\/types\/attachment"}],"author":[{"embeddable":true,"href":"https:\/\/kilosorunum.com\/habercim\/wp-json\/wp\/v2\/users\/2"}],"replies":[{"embeddable":true,"href":"https:\/\/kilosorunum.com\/habercim\/wp-json\/wp\/v2\/comments?post=46297"}]}}

13 ilimiz için geliyor

<p>Çevre, Şehircilik ve İklim Değişikliği Bakanlığı Meteoroloji Genel Müdürlüğü Hava Tahmin Uzmanı Cengiz Çelik, bu hafta yurtta beklenen hava durumuna ilişkin değerlendirmede bulundu.</p>
<p>Çelik, yapılan son değerlendirmelere göre, soğuk ve yağışlı havanın doğu bölgelerde etkili olduktan sonra yurdu terk edeceğini söyledi.</p>
<p>Salı, çarşamba ve perşembe günleri yurtta, yağışsız ve parçalı az bulutlu bir hava yaşanacağını aktaran Çelik, &#8220;Sıcaklıklar salı gününden itibaren özellikle iç kesimlerde hızla yükselecek. Salı gününden itibaren iç kesimlerde 4 ila 8 derecelik bir sıcaklık artışı bekliyoruz. Diğer yerlerde ise 2 ila 4 derecelik sıcaklık artışını göreceğiz&#8221; diye konuştu. Çelik, yağışların yarın Orta ve Doğu Karadeniz ile Doğu ve Güneydoğu Anadolu bölgelerinde görüleceğini anlatarak, yarından itibaren yurt genelinde yağış beklenmediğini söyledi.</p>
<p>Gelecek 3 gün boyunca Ankara, İstanbul ve İzmir&#8217;de yağış beklenmediğini aktaran Çelik, &#8220;Ankara&#8217;da yarın 12 derece olan sıcaklık, salı 16, çarşamba 19 dereceye kadar çıkacak. İstanbul&#8217;daki sıcaklıklar 15, salı 17, çarşamba 16 derece. İzmir&#8217;de de sıcaklıklar yarın 22 dereceye kadar çıkıyor. Sıcaklıklar İzmir&#8217;de salı 24, çarşamba 23 derece&#8221; bilgisini verdi.</p>
<p>Kaynak : trthaber.com</p>
