{"id":46312,"date":"2026-04-13T23:04:21","date_gmt":"2026-04-13T20:04:21","guid":{"rendered":"https:\/\/kilosorunum.com\/habercim\/wp-content\/uploads\/2026\/04\/1-169.jpg"},"modified":"2026-04-13T23:06:25","modified_gmt":"2026-04-13T20:06:25","slug":"1-5904","status":"inherit","type":"attachment","link":"https:\/\/kilosorunum.com\/habercim\/foto-galeri\/tekrar-pes-pese\/attachment\/1-5904\/","title":{"rendered":"Tekrar pe\u015f pe\u015fe"},"author":2,"comment_status":"open","ping_status":"closed","template":"","meta":[],"description":{"rendered":"<p class=\"attachment\"><a href='https:\/\/kilosorunum.com\/habercim\/wp-content\/uploads\/2026\/04\/1-169.jpg'><img width=\"300\" height=\"169\" src=\"https:\/\/kilosorunum.com\/habercim\/wp-content\/uploads\/2026\/04\/1-169-300x169.jpg\" class=\"attachment-medium size-medium\" alt=\"\" loading=\"lazy\" srcset=\"https:\/\/kilosorunum.com\/habercim\/wp-content\/uploads\/2026\/04\/1-169-300x169.jpg 300w, https:\/\/kilosorunum.com\/habercim\/wp-content\/uploads\/2026\/04\/1-169-1024x576.jpg 1024w, https:\/\/kilosorunum.com\/habercim\/wp-content\/uploads\/2026\/04\/1-169-768x432.jpg 768w, https:\/\/kilosorunum.com\/habercim\/wp-content\/uploads\/2026\/04\/1-169.jpg 1200w\" sizes=\"(max-width: 300px) 100vw, 300px\" \/><\/a><\/p>\n"},"caption":{"rendered":"<p>Erzincan&#8217;\u0131n Kemah il\u00e7esinde 4 b\u00fcy\u00fckl\u00fc\u011f\u00fcnde deprem meydana geldi. Yerin 7.12 kilometre derinli\u011finde ger\u00e7ekle\u015fen sars\u0131nt\u0131 Erzincan&#8217;\u0131n yan\u0131 s\u0131ra Tunceli, Elaz\u0131\u011f, G\u00fcm\u00fc\u015fhane ve Bayburt&#8217;ta da hissedildi.<br \/>\nErzincan&#8217;\u0131n Kemah il\u00e7esi 4 b\u00fcy\u00fckl\u00fc\u011f\u00fcnde depremle salland\u0131.<br \/>\nErzincan&#8217;\u0131n Kemah il\u00e7esinde korkutan bir deprem meydana geldi. AFAD, saat 19.15&#8217;te ger\u00e7ekle\u015fen depremin b\u00fcy\u00fckl\u00fc\u011f\u00fcn\u00fcn 4 oldu\u011funu a\u00e7\u0131klad\u0131. Deprem yerin 7.12 kilometre derinli\u011finde ger\u00e7ekle\u015fti.<br \/>\nAFAD, Antalya Demre&#8217;ye 54.55 kilometreye a\u00e7\u0131klar\u0131nda 3.8 b\u00fcy\u00fckl\u00fc\u011f\u00fcnde deprem oldu\u011funu duyurdu.<\/p>\n<p>Buna g\u00f6re depremin, saat 20.17&#8217;de ve yerin 27.87 kilometre derinli\u011finde oldu\u011fu bildirildi. <\/p>\n"},"alt_text":"","media_type":"image","mime_type":"image\/jpeg","media_details":{"width":1200,"height":675,"file":"2026\/04\/1-169.jpg","sizes":{"medium":{"file":"1-169-300x169.jpg","width":300,"height":169,"mime_type":"image\/jpeg","source_url":"https:\/\/kilosorunum.com\/habercim\/wp-content\/uploads\/2026\/04\/1-169-300x169.jpg"},"large":{"file":"1-169-1024x576.jpg","width":1024,"height":576,"mime_type":"image\/jpeg","source_url":"https:\/\/kilosorunum.com\/habercim\/wp-content\/uploads\/2026\/04\/1-169-1024x576.jpg"},"thumbnail":{"file":"1-169-150x150.jpg","width":150,"height":150,"mime_type":"image\/jpeg","source_url":"https:\/\/kilosorunum.com\/habercim\/wp-content\/uploads\/2026\/04\/1-169-150x150.jpg"},"medium_large":{"file":"1-169-768x432.jpg","width":768,"height":432,"mime_type":"image\/jpeg","source_url":"https:\/\/kilosorunum.com\/habercim\/wp-content\/uploads\/2026\/04\/1-169-768x432.jpg"},"kucukResim":{"file":"1-169-80x50.jpg","width":80,"height":50,"mime_type":"image\/jpeg","source_url":"https:\/\/kilosorunum.com\/habercim\/wp-content\/uploads\/2026\/04\/1-169-80x50.jpg"},"sliderResim":{"file":"1-169-670x330.jpg","width":670,"height":330,"mime_type":"image\/jpeg","source_url":"https:\/\/kilosorunum.com\/habercim\/wp-content\/uploads\/2026\/04\/1-169-670x330.jpg"},"resim1":{"file":"1-169-184x140.jpg","width":184,"height":140,"mime_type":"image\/jpeg","source_url":"https:\/\/kilosorunum.com\/habercim\/wp-content\/uploads\/2026\/04\/1-169-184x140.jpg"},"resim2":{"file":"1-169-216x103.jpg","width":216,"height":103,"mime_type":"image\/jpeg","source_url":"https:\/\/kilosorunum.com\/habercim\/wp-content\/uploads\/2026\/04\/1-169-216x103.jpg"},"resim3":{"file":"1-169-145x70.jpg","width":145,"height":70,"mime_type":"image\/jpeg","source_url":"https:\/\/kilosorunum.com\/habercim\/wp-content\/uploads\/2026\/04\/1-169-145x70.jpg"},"sagSlider":{"file":"1-169-300x150.jpg","width":300,"height":150,"mime_type":"image\/jpeg","source_url":"https:\/\/kilosorunum.com\/habercim\/wp-content\/uploads\/2026\/04\/1-169-300x150.jpg"},"yeniSlider":{"file":"1-169-500x290.jpg","width":500,"height":290,"mime_type":"image\/jpeg","source_url":"https:\/\/kilosorunum.com\/habercim\/wp-content\/uploads\/2026\/04\/1-169-500x290.jpg"},"full":{"file":"1-169.jpg","width":1200,"height":675,"mime_type":"image\/jpeg","source_url":"https:\/\/kilosorunum.com\/habercim\/wp-content\/uploads\/2026\/04\/1-169.jpg"}},"image_meta":{"aperture":"0","credit":"","camera":"","caption":"","created_timestamp":"0","copyright":"","focal_length":"0","iso":"0","shutter_speed":"0","title":"","orientation":"0","keywords":[]}},"post":46310,"source_url":"https:\/\/kilosorunum.com\/habercim\/wp-content\/uploads\/2026\/04\/1-169.jpg","_links":{"self":[{"href":"https:\/\/kilosorunum.com\/habercim\/wp-json\/wp\/v2\/media\/46312"}],"collection":[{"href":"https:\/\/kilosorunum.com\/habercim\/wp-json\/wp\/v2\/media"}],"about":[{"href":"https:\/\/kilosorunum.com\/habercim\/wp-json\/wp\/v2\/types\/attachment"}],"author":[{"embeddable":true,"href":"https:\/\/kilosorunum.com\/habercim\/wp-json\/wp\/v2\/users\/2"}],"replies":[{"embeddable":true,"href":"https:\/\/kilosorunum.com\/habercim\/wp-json\/wp\/v2\/comments?post=46312"}]}}

Tekrar peş peşe

<p>Erzincan&#8217;ın Kemah ilçesinde 4 büyüklüğünde deprem meydana geldi. Yerin 7.12 kilometre derinliğinde gerçekleşen sarsıntı Erzincan&#8217;ın yanı sıra Tunceli, Elazığ, Gümüşhane ve Bayburt&#8217;ta da hissedildi.<br />
Erzincan&#8217;ın Kemah ilçesi 4 büyüklüğünde depremle sallandı.<br />
Erzincan&#8217;ın Kemah ilçesinde korkutan bir deprem meydana geldi. AFAD, saat 19.15&#8217;te gerçekleşen depremin büyüklüğünün 4 olduğunu açıkladı. Deprem yerin 7.12 kilometre derinliğinde gerçekleşti.<br />
AFAD, Antalya Demre&#8217;ye 54.55 kilometreye açıklarında 3.8 büyüklüğünde deprem olduğunu duyurdu.</p>
<p>Buna göre depremin, saat 20.17&#8217;de ve yerin 27.87 kilometre derinliğinde olduğu bildirildi. </p>
