{"id":46338,"date":"2026-04-14T18:39:25","date_gmt":"2026-04-14T15:39:25","guid":{"rendered":"https:\/\/kilosorunum.com\/habercim\/wp-content\/uploads\/2026\/04\/1-15-768x201-146.jpg"},"modified":"2026-04-14T18:41:00","modified_gmt":"2026-04-14T15:41:00","slug":"1-15-768x201-2466","status":"inherit","type":"attachment","link":"https:\/\/kilosorunum.com\/habercim\/foto-galeri\/kurban-bayrami-oncesi\/attachment\/1-15-768x201-2466\/","title":{"rendered":"Kurban Bayram\u0131 \u00d6ncesi"},"author":2,"comment_status":"open","ping_status":"closed","template":"","meta":[],"description":{"rendered":"<p class=\"attachment\"><a href='https:\/\/kilosorunum.com\/habercim\/wp-content\/uploads\/2026\/04\/1-15-768x201-146.jpg'><img width=\"300\" height=\"79\" src=\"https:\/\/kilosorunum.com\/habercim\/wp-content\/uploads\/2026\/04\/1-15-768x201-146-300x79.jpg\" class=\"attachment-medium size-medium\" alt=\"\" loading=\"lazy\" srcset=\"https:\/\/kilosorunum.com\/habercim\/wp-content\/uploads\/2026\/04\/1-15-768x201-146-300x79.jpg 300w, https:\/\/kilosorunum.com\/habercim\/wp-content\/uploads\/2026\/04\/1-15-768x201-146.jpg 768w\" sizes=\"(max-width: 300px) 100vw, 300px\" \/><\/a><\/p>\n"},"caption":{"rendered":"<p>KURBAN BAYRAMI NE ZAMAN VE HANG\u0130 G\u00dcNLERE DENK GEL\u0130YOR?<\/p>\n<p>Diyanet \u0130\u015fleri Ba\u015fkanl\u0131\u011f\u0131&#8217;n\u0131n yay\u0131mlad\u0131\u011f\u0131 takvime g\u00f6re 2026 y\u0131l\u0131nda Kurban Bayram\u0131 tarihleri ve g\u00fcnleri a\u015fa\u011f\u0131da belirtilmi\u015ftir:<\/p>\n<p>Kurban Bayram\u0131 Arifesi: 26 May\u0131s 2026 &#8211; Sal\u0131 (Yar\u0131m G\u00fcn Tatil)<\/p>\n<p>Kurban Bayram\u0131 1. G\u00fcn: 27 May\u0131s 2026 &#8211; \u00c7ar\u015famba<\/p>\n<p>Kurban Bayram\u0131 2. G\u00fcn: 28 May\u0131s 2026 &#8211; Per\u015fembe<\/p>\n<p>Kurban Bayram\u0131 3. G\u00fcn: 29 May\u0131s 2026 &#8211; Cuma<\/p>\n<p>Kurban Bayram\u0131 4. G\u00fcn: 30 May\u0131s 2026 &#8211; Cumartesi<br \/>\nKURBAN BAYRAMI EMEKL\u0130 \u0130KRAM\u0130YES\u0130 2026 NE KADAR?<\/p>\n<p>Kurban Bayram\u0131 emekli ikramiyesi 4 bin TL \u00f6denecek.<br \/>\nKURBAN BAYRAMI EMEKL\u0130 \u0130KRAM\u0130YES\u0130 NE ZAMAN YATACAK?<\/p>\n<p>Ramazan Bayram\u0131 emekli ikramiyeleri bayram tarihinden 6 g\u00fcn \u00f6nce yat\u0131r\u0131lmaya ba\u015flad\u0131. Bu duruma g\u00f6re Kurban Bayram\u0131 emekli ikramiyelerinin de 6 g\u00fcn \u00f6nceden yat\u0131r\u0131lmaya ba\u015flayaca\u011f\u0131 d\u00fc\u015f\u00fcn\u00fcld\u00fc\u011f\u00fcnde, ikramiyelerin 21 May\u0131s&#8217;ta maa\u015f \u00f6deme tarihlerine g\u00f6re \u00f6ncelik verilerek \u00f6denmeye ba\u015flamas\u0131 bekleniyor. Konuya ili\u015fkin resmi a\u00e7\u0131klama yap\u0131ld\u0131\u011f\u0131nda haberimize ekleyece\u011fiz.<\/p>\n<p>Kaynak : haberturk.com<\/p>\n"},"alt_text":"","media_type":"image","mime_type":"image\/jpeg","media_details":{"width":768,"height":201,"file":"2026\/04\/1-15-768x201-146.jpg","sizes":{"medium":{"file":"1-15-768x201-146-300x79.jpg","width":300,"height":79,"mime_type":"image\/jpeg","source_url":"https:\/\/kilosorunum.com\/habercim\/wp-content\/uploads\/2026\/04\/1-15-768x201-146-300x79.jpg"},"thumbnail":{"file":"1-15-768x201-146-150x150.jpg","width":150,"height":150,"mime_type":"image\/jpeg","source_url":"https:\/\/kilosorunum.com\/habercim\/wp-content\/uploads\/2026\/04\/1-15-768x201-146-150x150.jpg"},"kucukResim":{"file":"1-15-768x201-146-80x50.jpg","width":80,"height":50,"mime_type":"image\/jpeg","source_url":"https:\/\/kilosorunum.com\/habercim\/wp-content\/uploads\/2026\/04\/1-15-768x201-146-80x50.jpg"},"sliderResim":{"file":"1-15-768x201-146-670x201.jpg","width":670,"height":201,"mime_type":"image\/jpeg","source_url":"https:\/\/kilosorunum.com\/habercim\/wp-content\/uploads\/2026\/04\/1-15-768x201-146-670x201.jpg"},"resim1":{"file":"1-15-768x201-146-184x140.jpg","width":184,"height":140,"mime_type":"image\/jpeg","source_url":"https:\/\/kilosorunum.com\/habercim\/wp-content\/uploads\/2026\/04\/1-15-768x201-146-184x140.jpg"},"resim2":{"file":"1-15-768x201-146-216x103.jpg","width":216,"height":103,"mime_type":"image\/jpeg","source_url":"https:\/\/kilosorunum.com\/habercim\/wp-content\/uploads\/2026\/04\/1-15-768x201-146-216x103.jpg"},"resim3":{"file":"1-15-768x201-146-145x70.jpg","width":145,"height":70,"mime_type":"image\/jpeg","source_url":"https:\/\/kilosorunum.com\/habercim\/wp-content\/uploads\/2026\/04\/1-15-768x201-146-145x70.jpg"},"sagSlider":{"file":"1-15-768x201-146-300x150.jpg","width":300,"height":150,"mime_type":"image\/jpeg","source_url":"https:\/\/kilosorunum.com\/habercim\/wp-content\/uploads\/2026\/04\/1-15-768x201-146-300x150.jpg"},"yeniSlider":{"file":"1-15-768x201-146-500x201.jpg","width":500,"height":201,"mime_type":"image\/jpeg","source_url":"https:\/\/kilosorunum.com\/habercim\/wp-content\/uploads\/2026\/04\/1-15-768x201-146-500x201.jpg"},"full":{"file":"1-15-768x201-146.jpg","width":768,"height":201,"mime_type":"image\/jpeg","source_url":"https:\/\/kilosorunum.com\/habercim\/wp-content\/uploads\/2026\/04\/1-15-768x201-146.jpg"}},"image_meta":{"aperture":"0","credit":"","camera":"","caption":"","created_timestamp":"0","copyright":"","focal_length":"0","iso":"0","shutter_speed":"0","title":"","orientation":"0","keywords":[]}},"post":46336,"source_url":"https:\/\/kilosorunum.com\/habercim\/wp-content\/uploads\/2026\/04\/1-15-768x201-146.jpg","_links":{"self":[{"href":"https:\/\/kilosorunum.com\/habercim\/wp-json\/wp\/v2\/media\/46338"}],"collection":[{"href":"https:\/\/kilosorunum.com\/habercim\/wp-json\/wp\/v2\/media"}],"about":[{"href":"https:\/\/kilosorunum.com\/habercim\/wp-json\/wp\/v2\/types\/attachment"}],"author":[{"embeddable":true,"href":"https:\/\/kilosorunum.com\/habercim\/wp-json\/wp\/v2\/users\/2"}],"replies":[{"embeddable":true,"href":"https:\/\/kilosorunum.com\/habercim\/wp-json\/wp\/v2\/comments?post=46338"}]}}

Kurban Bayramı Öncesi

<p>KURBAN BAYRAMI NE ZAMAN VE HANGİ GÜNLERE DENK GELİYOR?</p>
<p>Diyanet İşleri Başkanlığı&#8217;nın yayımladığı takvime göre 2026 yılında Kurban Bayramı tarihleri ve günleri aşağıda belirtilmiştir:</p>
<p>Kurban Bayramı Arifesi: 26 Mayıs 2026 &#8211; Salı (Yarım Gün Tatil)</p>
<p>Kurban Bayramı 1. Gün: 27 Mayıs 2026 &#8211; Çarşamba</p>
<p>Kurban Bayramı 2. Gün: 28 Mayıs 2026 &#8211; Perşembe</p>
<p>Kurban Bayramı 3. Gün: 29 Mayıs 2026 &#8211; Cuma</p>
<p>Kurban Bayramı 4. Gün: 30 Mayıs 2026 &#8211; Cumartesi<br />
KURBAN BAYRAMI EMEKLİ İKRAMİYESİ 2026 NE KADAR?</p>
<p>Kurban Bayramı emekli ikramiyesi 4 bin TL ödenecek.<br />
KURBAN BAYRAMI EMEKLİ İKRAMİYESİ NE ZAMAN YATACAK?</p>
<p>Ramazan Bayramı emekli ikramiyeleri bayram tarihinden 6 gün önce yatırılmaya başladı. Bu duruma göre Kurban Bayramı emekli ikramiyelerinin de 6 gün önceden yatırılmaya başlayacağı düşünüldüğünde, ikramiyelerin 21 Mayıs&#8217;ta maaş ödeme tarihlerine göre öncelik verilerek ödenmeye başlaması bekleniyor. Konuya ilişkin resmi açıklama yapıldığında haberimize ekleyeceğiz.</p>
<p>Kaynak : haberturk.com</p>
