{"id":46358,"date":"2026-04-14T20:36:29","date_gmt":"2026-04-14T17:36:29","guid":{"rendered":"https:\/\/kilosorunum.com\/habercim\/wp-content\/uploads\/2026\/04\/1-15-768x201-151.jpg"},"modified":"2026-04-14T20:39:13","modified_gmt":"2026-04-14T17:39:13","slug":"1-15-768x201-2471","status":"inherit","type":"attachment","link":"https:\/\/kilosorunum.com\/habercim\/genel\/2026-kurban-bayrami\/attachment\/1-15-768x201-2471\/","title":{"rendered":"2026 Kurban Bayram\u0131"},"author":2,"comment_status":"open","ping_status":"closed","template":"","meta":[],"description":{"rendered":"<p class=\"attachment\"><a href='https:\/\/kilosorunum.com\/habercim\/wp-content\/uploads\/2026\/04\/1-15-768x201-151.jpg'><img width=\"300\" height=\"79\" src=\"https:\/\/kilosorunum.com\/habercim\/wp-content\/uploads\/2026\/04\/1-15-768x201-151-300x79.jpg\" class=\"attachment-medium size-medium\" alt=\"\" loading=\"lazy\" srcset=\"https:\/\/kilosorunum.com\/habercim\/wp-content\/uploads\/2026\/04\/1-15-768x201-151-300x79.jpg 300w, https:\/\/kilosorunum.com\/habercim\/wp-content\/uploads\/2026\/04\/1-15-768x201-151.jpg 768w\" sizes=\"(max-width: 300px) 100vw, 300px\" \/><\/a><\/p>\n"},"caption":{"rendered":"<p>Kurban Bayram\u0131 2026 y\u0131l\u0131nda May\u0131s ay\u0131n\u0131n son g\u00fcnlerine denk geliyor. Bayram tarihleri ve g\u00fcnlere kar\u015f\u0131l\u0131k gelen zaman dilimi ise \u015fu \u015fekildedir:<\/p>\n<p>Arefe: 26 May\u0131s 2026 Sal\u0131<\/p>\n<p>1. G\u00fcn: 27 May\u0131s 2026 \u00c7ar\u015famba<\/p>\n<p>2. G\u00fcn: 28 May\u0131s 2026 Per\u015fembe<\/p>\n<p>3. G\u00fcn: 29 May\u0131s 2026 Cuma<\/p>\n<p>4. G\u00fcn: 30 May\u0131s 2026 Cumartesi<br \/>\nBayram tatili \u015fu an i\u00e7in arefe g\u00fcn\u00fc dahil olmak \u00fczere 4,5 g\u00fcn olarak planlan\u0131yor. Pazartesi ve sal\u0131 g\u00fcnlerinin de resmi tatil kapsam\u0131na al\u0131n\u0131p al\u0131nmayaca\u011f\u0131na dair hen\u00fcz bir a\u00e7\u0131klama yap\u0131lmad\u0131.<br \/>\nRamazan Bayram\u0131 20-22 Mart 2026 tarihleri aras\u0131nda toplam 3 g\u00fcn idrak edildi. Ramazan Bayram\u0131 ikramiyeleri, 14 &#8211; 19 Mart 2026 tarihleri aras\u0131nda emeklilere ve di\u011fer hak sahiplerine \u00f6dendi. S\u0131rada ise y\u0131l\u0131n ikinci ikramiye zaman\u0131 olan Kurban Bayram\u0131 var. Emekli vatanda\u015flar ve di\u011fer hak sahipleri; Emekli Bayram \u0130kramiyesi ne zaman, ne kadar yatacak? \u00f6\u011frenmek istiyor.<br \/>\nKurban Bayram\u0131 emekli ikramiyesi 4 bin TL \u00f6denecek.<\/p>\n<p>KURBAN BAYRAMI EMEKL\u0130 \u0130KRAM\u0130YES\u0130 NE ZAMAN YATACAK?<\/p>\n<p>Ramazan Bayram\u0131 emekli ikramiyeleri bayram tarihinden 6 g\u00fcn \u00f6nce yat\u0131r\u0131lmaya ba\u015flad\u0131.<\/p>\n<p>Bu duruma g\u00f6re Kurban Bayram\u0131 emekli ikramiyelerinin de 6 g\u00fcn \u00f6nceden yat\u0131r\u0131lmaya ba\u015flayaca\u011f\u0131 d\u00fc\u015f\u00fcn\u00fcld\u00fc\u011f\u00fcnde, ikramiyelerin 21 May\u0131s&#8217;ta maa\u015f \u00f6deme tarihlerine g\u00f6re \u00f6ncelik verilerek \u00f6denmeye ba\u015flamas\u0131 bekleniyor.<\/p>\n<p>Konuya ili\u015fkin resmi a\u00e7\u0131klama yap\u0131ld\u0131\u011f\u0131nda haberimize ekleyece\u011fiz.<\/p>\n"},"alt_text":"","media_type":"image","mime_type":"image\/jpeg","media_details":{"width":768,"height":201,"file":"2026\/04\/1-15-768x201-151.jpg","sizes":{"medium":{"file":"1-15-768x201-151-300x79.jpg","width":300,"height":79,"mime_type":"image\/jpeg","source_url":"https:\/\/kilosorunum.com\/habercim\/wp-content\/uploads\/2026\/04\/1-15-768x201-151-300x79.jpg"},"thumbnail":{"file":"1-15-768x201-151-150x150.jpg","width":150,"height":150,"mime_type":"image\/jpeg","source_url":"https:\/\/kilosorunum.com\/habercim\/wp-content\/uploads\/2026\/04\/1-15-768x201-151-150x150.jpg"},"kucukResim":{"file":"1-15-768x201-151-80x50.jpg","width":80,"height":50,"mime_type":"image\/jpeg","source_url":"https:\/\/kilosorunum.com\/habercim\/wp-content\/uploads\/2026\/04\/1-15-768x201-151-80x50.jpg"},"sliderResim":{"file":"1-15-768x201-151-670x201.jpg","width":670,"height":201,"mime_type":"image\/jpeg","source_url":"https:\/\/kilosorunum.com\/habercim\/wp-content\/uploads\/2026\/04\/1-15-768x201-151-670x201.jpg"},"resim1":{"file":"1-15-768x201-151-184x140.jpg","width":184,"height":140,"mime_type":"image\/jpeg","source_url":"https:\/\/kilosorunum.com\/habercim\/wp-content\/uploads\/2026\/04\/1-15-768x201-151-184x140.jpg"},"resim2":{"file":"1-15-768x201-151-216x103.jpg","width":216,"height":103,"mime_type":"image\/jpeg","source_url":"https:\/\/kilosorunum.com\/habercim\/wp-content\/uploads\/2026\/04\/1-15-768x201-151-216x103.jpg"},"resim3":{"file":"1-15-768x201-151-145x70.jpg","width":145,"height":70,"mime_type":"image\/jpeg","source_url":"https:\/\/kilosorunum.com\/habercim\/wp-content\/uploads\/2026\/04\/1-15-768x201-151-145x70.jpg"},"sagSlider":{"file":"1-15-768x201-151-300x150.jpg","width":300,"height":150,"mime_type":"image\/jpeg","source_url":"https:\/\/kilosorunum.com\/habercim\/wp-content\/uploads\/2026\/04\/1-15-768x201-151-300x150.jpg"},"yeniSlider":{"file":"1-15-768x201-151-500x201.jpg","width":500,"height":201,"mime_type":"image\/jpeg","source_url":"https:\/\/kilosorunum.com\/habercim\/wp-content\/uploads\/2026\/04\/1-15-768x201-151-500x201.jpg"},"full":{"file":"1-15-768x201-151.jpg","width":768,"height":201,"mime_type":"image\/jpeg","source_url":"https:\/\/kilosorunum.com\/habercim\/wp-content\/uploads\/2026\/04\/1-15-768x201-151.jpg"}},"image_meta":{"aperture":"0","credit":"","camera":"","caption":"","created_timestamp":"0","copyright":"","focal_length":"0","iso":"0","shutter_speed":"0","title":"","orientation":"0","keywords":[]}},"post":46356,"source_url":"https:\/\/kilosorunum.com\/habercim\/wp-content\/uploads\/2026\/04\/1-15-768x201-151.jpg","_links":{"self":[{"href":"https:\/\/kilosorunum.com\/habercim\/wp-json\/wp\/v2\/media\/46358"}],"collection":[{"href":"https:\/\/kilosorunum.com\/habercim\/wp-json\/wp\/v2\/media"}],"about":[{"href":"https:\/\/kilosorunum.com\/habercim\/wp-json\/wp\/v2\/types\/attachment"}],"author":[{"embeddable":true,"href":"https:\/\/kilosorunum.com\/habercim\/wp-json\/wp\/v2\/users\/2"}],"replies":[{"embeddable":true,"href":"https:\/\/kilosorunum.com\/habercim\/wp-json\/wp\/v2\/comments?post=46358"}]}}

2026 Kurban Bayramı

<p>Kurban Bayramı 2026 yılında Mayıs ayının son günlerine denk geliyor. Bayram tarihleri ve günlere karşılık gelen zaman dilimi ise şu şekildedir:</p>
<p>Arefe: 26 Mayıs 2026 Salı</p>
<p>1. Gün: 27 Mayıs 2026 Çarşamba</p>
<p>2. Gün: 28 Mayıs 2026 Perşembe</p>
<p>3. Gün: 29 Mayıs 2026 Cuma</p>
<p>4. Gün: 30 Mayıs 2026 Cumartesi<br />
Bayram tatili şu an için arefe günü dahil olmak üzere 4,5 gün olarak planlanıyor. Pazartesi ve salı günlerinin de resmi tatil kapsamına alınıp alınmayacağına dair henüz bir açıklama yapılmadı.<br />
Ramazan Bayramı 20-22 Mart 2026 tarihleri arasında toplam 3 gün idrak edildi. Ramazan Bayramı ikramiyeleri, 14 &#8211; 19 Mart 2026 tarihleri arasında emeklilere ve diğer hak sahiplerine ödendi. Sırada ise yılın ikinci ikramiye zamanı olan Kurban Bayramı var. Emekli vatandaşlar ve diğer hak sahipleri; Emekli Bayram İkramiyesi ne zaman, ne kadar yatacak? öğrenmek istiyor.<br />
Kurban Bayramı emekli ikramiyesi 4 bin TL ödenecek.</p>
<p>KURBAN BAYRAMI EMEKLİ İKRAMİYESİ NE ZAMAN YATACAK?</p>
<p>Ramazan Bayramı emekli ikramiyeleri bayram tarihinden 6 gün önce yatırılmaya başladı.</p>
<p>Bu duruma göre Kurban Bayramı emekli ikramiyelerinin de 6 gün önceden yatırılmaya başlayacağı düşünüldüğünde, ikramiyelerin 21 Mayıs&#8217;ta maaş ödeme tarihlerine göre öncelik verilerek ödenmeye başlaması bekleniyor.</p>
<p>Konuya ilişkin resmi açıklama yapıldığında haberimize ekleyeceğiz.</p>
