{"id":46413,"date":"2026-04-15T19:05:41","date_gmt":"2026-04-15T16:05:41","guid":{"rendered":"https:\/\/kilosorunum.com\/habercim\/wp-content\/uploads\/2026\/04\/1-15-768x201-164.jpg"},"modified":"2026-04-15T19:08:07","modified_gmt":"2026-04-15T16:08:07","slug":"1-15-768x201-2484","status":"inherit","type":"attachment","link":"https:\/\/kilosorunum.com\/habercim\/foto-galeri\/ayser-calik-ortaokulunda\/attachment\/1-15-768x201-2484\/","title":{"rendered":"Ayser \u00c7al\u0131k Ortaokulu&#8217;nda"},"author":2,"comment_status":"open","ping_status":"closed","template":"","meta":[],"description":{"rendered":"<p class=\"attachment\"><a href='https:\/\/kilosorunum.com\/habercim\/wp-content\/uploads\/2026\/04\/1-15-768x201-164.jpg'><img width=\"300\" height=\"79\" src=\"https:\/\/kilosorunum.com\/habercim\/wp-content\/uploads\/2026\/04\/1-15-768x201-164-300x79.jpg\" class=\"attachment-medium size-medium\" alt=\"\" loading=\"lazy\" srcset=\"https:\/\/kilosorunum.com\/habercim\/wp-content\/uploads\/2026\/04\/1-15-768x201-164-300x79.jpg 300w, https:\/\/kilosorunum.com\/habercim\/wp-content\/uploads\/2026\/04\/1-15-768x201-164.jpg 768w\" sizes=\"(max-width: 300px) 100vw, 300px\" \/><\/a><\/p>\n"},"caption":{"rendered":"<p>Kahramanmara\u015f&#8217;ta, Ayser \u00c7al\u0131k Ortaokulu&#8217;nda ya\u015fanan silahl\u0131 sald\u0131r\u0131n\u0131n ard\u0131ndan \u0130\u00e7i\u015fleri Bakan\u0131 Mustafa \u00c7ift\u00e7i, 9 ki\u015finin \u00f6ld\u00fc\u011f\u00fcn\u00fc, 13 ki\u015finin yaral\u0131 oldu\u011funu a\u00e7\u0131klad\u0131. Adalet Bakan\u0131 Ak\u0131n G\u00fcrlek ise, &#8220;Kahramanmara\u015f Ba\u015fsavc\u0131l\u0131\u011f\u0131nca derhal soru\u015fturma ba\u015flat\u0131ld\u0131. 3 Cumhuriyet Savc\u0131s\u0131 vekili, 4 Ba\u015fsavc\u0131 g\u00f6revlendirilmi\u015ftir. Yay\u0131n yasa\u011f\u0131 getirilmi\u015ftir&#8221; dedi. Sald\u0131rgan \u0130sa Aras Mersinli&#8217;nin babas\u0131 U\u011fur Mersinli ve ard\u0131ndan annesi Peyman P\u0131nar Mersinli g\u00f6zalt\u0131na al\u0131nd\u0131<br \/>\nT\u00fcrkiye, d\u00fcn \u015eanl\u0131urfa&#8217;n\u0131n Siverek il\u00e7esinde okulda ya\u015fanan ve 16 ki\u015finin yaralanmas\u0131yla sonu\u00e7lanan silahl\u0131 sald\u0131r\u0131n\u0131n \u015fokunu ya\u015farken, y\u00fcreklerimize kor d\u00fc\u015f\u00fcren haber, Kahramanmara\u015f&#8217;taki bir ortaokuldan geldi.<br \/>\nKahramanmara\u015f&#8217;ta, Oniki\u015fubat il\u00e7esinde e\u011fitim veren Ayser \u00c7al\u0131k Ortaokulu&#8217;nda \u00f6\u011fle saatlerinde silah sesleri duyuldu. Sald\u0131r\u0131da 1&#8217;i \u00f6\u011fretmen, 8&#8217;i \u00f6\u011frenci olmak \u00fczere 9 ki\u015fi hayat\u0131n\u0131 kaybederken, 13 ki\u015fi de yaraland\u0131. Sald\u0131r\u0131n\u0131n hemen ard\u0131ndan Ayser \u00c7al\u0131k Ortaokulu&#8217;na \u00e7ok say\u0131da ambulansla birlikte polis ekipleri sevk edildi.<br \/>\nKahramanmara\u015f Valisi M\u00fckerrem \u00dcnl\u00fcer, sald\u0131r\u0131ya ili\u015fkin yapt\u0131\u011f\u0131 a\u00e7\u0131klamada \u015funlar\u0131 s\u00f6yledi:<\/p>\n<p>&#8221; \u00c7al\u0131\u015fmalar\u0131m\u0131z devam ediyor. \u0130n\u015fallah yaral\u0131 karde\u015flerimiz sa\u011fl\u0131klar\u0131na kavu\u015furlar. Ba\u015fka herhangi bir okulumuzda bu t\u00fcr bir sald\u0131r\u0131 yok. Sald\u0131rgan da vefat etti. Karga\u015fa an\u0131nda kendisine ate\u015f etti. \u0130ntihar amac\u0131yla m\u0131, yoksa o karga\u015fadan dolay\u0131 m\u0131 yapt\u0131 bilmiyoruz.<br \/>\nSald\u0131rgan 8\u2019inci s\u0131n\u0131f \u00f6\u011frencisi. Babas\u0131 eski bir emniyet\u00e7i. Onun silahlar\u0131n\u0131 ald\u0131\u011f\u0131n\u0131 tahmin ediyoruz. 5 silah ve 7 \u015farj\u00f6rle bask\u0131n\u0131 ger\u00e7ekle\u015ftiriyor. \u0130ki s\u0131n\u0131fa giriyor.&#8221; \u0130\u00e7i\u015fleri Bakan\u0131 Mustafa \u00c7ift\u00e7i, Sa\u011fl\u0131k Bakan\u0131 Kemal Memi\u015fo\u011flu ve Milli E\u011fitim Bakan\u0131 Yusuf Tekin, ac\u0131 olay\u0131n ard\u0131ndan Kahramanmara\u015f&#8217;a gitmek i\u00e7in yola \u00e7\u0131kt\u0131.<br \/>\nAdalet Bakan\u0131 Ak\u0131n G\u00fcrlek taraf\u0131ndan yap\u0131lan a\u00e7\u0131klamada, &#8220;Kahramanmara\u015f Ba\u015fsavc\u0131l\u0131\u011f\u0131nca derhal soru\u015fturma ba\u015flat\u0131ld\u0131. 3 Cumhuriyet Savc\u0131s\u0131 vekili, 4 Ba\u015fsavc\u0131 g\u00f6revlendirilmi\u015ftir. Yay\u0131n yasa\u011f\u0131 getirilmi\u015ftir&#8221; denildi.<br \/>\n\u0130\u00e7i\u015fleri Bakan\u0131 Mustafa \u00c7ift\u00e7i, Kahramanmara\u015f\u2019taki okul sald\u0131r\u0131s\u0131yla ilgili olarak 4 M\u00fclkiye Ba\u015fm\u00fcfetti\u015fi ve 4 Polis Ba\u015fm\u00fcfetti\u015fi g\u00f6revlendirdi.<br \/>\nSa\u011fl\u0131k Bakan\u0131 Kemal Memi\u015fo\u011flu, yapt\u0131\u011f\u0131 a\u00e7\u0131klamada, &#8220;Kahramanmara\u015f\u2019ta bir okulda meydana gelen silahl\u0131 sald\u0131r\u0131da hayat\u0131n\u0131 kaybeden vatanda\u015flar\u0131m\u0131za Allah\u2019tan rahmet, kederli ailelerine sab\u0131r diliyorum. Yaral\u0131lar\u0131m\u0131z\u0131n tedavileri hastanelerimizde devam etmektedir; durumlar\u0131n\u0131 yak\u0131ndan takip ediyoruz. Olaydan etkilenen t\u00fcm vatanda\u015flar\u0131m\u0131za ge\u00e7mi\u015f olsun dileklerimi iletiyorum. Milletimizin ba\u015f\u0131 sa\u011f olsun&#8221; dedi.<\/p>\n<p>Kaynak : haberturk.com<\/p>\n"},"alt_text":"","media_type":"image","mime_type":"image\/jpeg","media_details":{"width":768,"height":201,"file":"2026\/04\/1-15-768x201-164.jpg","sizes":{"medium":{"file":"1-15-768x201-164-300x79.jpg","width":300,"height":79,"mime_type":"image\/jpeg","source_url":"https:\/\/kilosorunum.com\/habercim\/wp-content\/uploads\/2026\/04\/1-15-768x201-164-300x79.jpg"},"thumbnail":{"file":"1-15-768x201-164-150x150.jpg","width":150,"height":150,"mime_type":"image\/jpeg","source_url":"https:\/\/kilosorunum.com\/habercim\/wp-content\/uploads\/2026\/04\/1-15-768x201-164-150x150.jpg"},"kucukResim":{"file":"1-15-768x201-164-80x50.jpg","width":80,"height":50,"mime_type":"image\/jpeg","source_url":"https:\/\/kilosorunum.com\/habercim\/wp-content\/uploads\/2026\/04\/1-15-768x201-164-80x50.jpg"},"sliderResim":{"file":"1-15-768x201-164-670x201.jpg","width":670,"height":201,"mime_type":"image\/jpeg","source_url":"https:\/\/kilosorunum.com\/habercim\/wp-content\/uploads\/2026\/04\/1-15-768x201-164-670x201.jpg"},"resim1":{"file":"1-15-768x201-164-184x140.jpg","width":184,"height":140,"mime_type":"image\/jpeg","source_url":"https:\/\/kilosorunum.com\/habercim\/wp-content\/uploads\/2026\/04\/1-15-768x201-164-184x140.jpg"},"resim2":{"file":"1-15-768x201-164-216x103.jpg","width":216,"height":103,"mime_type":"image\/jpeg","source_url":"https:\/\/kilosorunum.com\/habercim\/wp-content\/uploads\/2026\/04\/1-15-768x201-164-216x103.jpg"},"resim3":{"file":"1-15-768x201-164-145x70.jpg","width":145,"height":70,"mime_type":"image\/jpeg","source_url":"https:\/\/kilosorunum.com\/habercim\/wp-content\/uploads\/2026\/04\/1-15-768x201-164-145x70.jpg"},"sagSlider":{"file":"1-15-768x201-164-300x150.jpg","width":300,"height":150,"mime_type":"image\/jpeg","source_url":"https:\/\/kilosorunum.com\/habercim\/wp-content\/uploads\/2026\/04\/1-15-768x201-164-300x150.jpg"},"yeniSlider":{"file":"1-15-768x201-164-500x201.jpg","width":500,"height":201,"mime_type":"image\/jpeg","source_url":"https:\/\/kilosorunum.com\/habercim\/wp-content\/uploads\/2026\/04\/1-15-768x201-164-500x201.jpg"},"full":{"file":"1-15-768x201-164.jpg","width":768,"height":201,"mime_type":"image\/jpeg","source_url":"https:\/\/kilosorunum.com\/habercim\/wp-content\/uploads\/2026\/04\/1-15-768x201-164.jpg"}},"image_meta":{"aperture":"0","credit":"","camera":"","caption":"","created_timestamp":"0","copyright":"","focal_length":"0","iso":"0","shutter_speed":"0","title":"","orientation":"0","keywords":[]}},"post":46411,"source_url":"https:\/\/kilosorunum.com\/habercim\/wp-content\/uploads\/2026\/04\/1-15-768x201-164.jpg","_links":{"self":[{"href":"https:\/\/kilosorunum.com\/habercim\/wp-json\/wp\/v2\/media\/46413"}],"collection":[{"href":"https:\/\/kilosorunum.com\/habercim\/wp-json\/wp\/v2\/media"}],"about":[{"href":"https:\/\/kilosorunum.com\/habercim\/wp-json\/wp\/v2\/types\/attachment"}],"author":[{"embeddable":true,"href":"https:\/\/kilosorunum.com\/habercim\/wp-json\/wp\/v2\/users\/2"}],"replies":[{"embeddable":true,"href":"https:\/\/kilosorunum.com\/habercim\/wp-json\/wp\/v2\/comments?post=46413"}]}}

Ayser Çalık Ortaokulu&#8217;nda

<p>Kahramanmaraş&#8217;ta, Ayser Çalık Ortaokulu&#8217;nda yaşanan silahlı saldırının ardından İçişleri Bakanı Mustafa Çiftçi, 9 kişinin öldüğünü, 13 kişinin yaralı olduğunu açıkladı. Adalet Bakanı Akın Gürlek ise, &#8220;Kahramanmaraş Başsavcılığınca derhal soruşturma başlatıldı. 3 Cumhuriyet Savcısı vekili, 4 Başsavcı görevlendirilmiştir. Yayın yasağı getirilmiştir&#8221; dedi. Saldırgan İsa Aras Mersinli&#8217;nin babası Uğur Mersinli ve ardından annesi Peyman Pınar Mersinli gözaltına alındı<br />
Türkiye, dün Şanlıurfa&#8217;nın Siverek ilçesinde okulda yaşanan ve 16 kişinin yaralanmasıyla sonuçlanan silahlı saldırının şokunu yaşarken, yüreklerimize kor düşüren haber, Kahramanmaraş&#8217;taki bir ortaokuldan geldi.<br />
Kahramanmaraş&#8217;ta, Onikişubat ilçesinde eğitim veren Ayser Çalık Ortaokulu&#8217;nda öğle saatlerinde silah sesleri duyuldu. Saldırıda 1&#8217;i öğretmen, 8&#8217;i öğrenci olmak üzere 9 kişi hayatını kaybederken, 13 kişi de yaralandı. Saldırının hemen ardından Ayser Çalık Ortaokulu&#8217;na çok sayıda ambulansla birlikte polis ekipleri sevk edildi.<br />
Kahramanmaraş Valisi Mükerrem Ünlüer, saldırıya ilişkin yaptığı açıklamada şunları söyledi:</p>
<p>&#8221; Çalışmalarımız devam ediyor. İnşallah yaralı kardeşlerimiz sağlıklarına kavuşurlar. Başka herhangi bir okulumuzda bu tür bir saldırı yok. Saldırgan da vefat etti. Kargaşa anında kendisine ateş etti. İntihar amacıyla mı, yoksa o kargaşadan dolayı mı yaptı bilmiyoruz.<br />
Saldırgan 8’inci sınıf öğrencisi. Babası eski bir emniyetçi. Onun silahlarını aldığını tahmin ediyoruz. 5 silah ve 7 şarjörle baskını gerçekleştiriyor. İki sınıfa giriyor.&#8221; İçişleri Bakanı Mustafa Çiftçi, Sağlık Bakanı Kemal Memişoğlu ve Milli Eğitim Bakanı Yusuf Tekin, acı olayın ardından Kahramanmaraş&#8217;a gitmek için yola çıktı.<br />
Adalet Bakanı Akın Gürlek tarafından yapılan açıklamada, &#8220;Kahramanmaraş Başsavcılığınca derhal soruşturma başlatıldı. 3 Cumhuriyet Savcısı vekili, 4 Başsavcı görevlendirilmiştir. Yayın yasağı getirilmiştir&#8221; denildi.<br />
İçişleri Bakanı Mustafa Çiftçi, Kahramanmaraş’taki okul saldırısıyla ilgili olarak 4 Mülkiye Başmüfettişi ve 4 Polis Başmüfettişi görevlendirdi.<br />
Sağlık Bakanı Kemal Memişoğlu, yaptığı açıklamada, &#8220;Kahramanmaraş’ta bir okulda meydana gelen silahlı saldırıda hayatını kaybeden vatandaşlarımıza Allah’tan rahmet, kederli ailelerine sabır diliyorum. Yaralılarımızın tedavileri hastanelerimizde devam etmektedir; durumlarını yakından takip ediyoruz. Olaydan etkilenen tüm vatandaşlarımıza geçmiş olsun dileklerimi iletiyorum. Milletimizin başı sağ olsun&#8221; dedi.</p>
<p>Kaynak : haberturk.com</p>
