{"id":46454,"date":"2026-04-16T16:15:23","date_gmt":"2026-04-16T13:15:23","guid":{"rendered":"https:\/\/kilosorunum.com\/habercim\/wp-content\/uploads\/2026\/04\/1-15-768x201-175.jpg"},"modified":"2026-04-16T16:18:29","modified_gmt":"2026-04-16T13:18:29","slug":"1-15-768x201-2495","status":"inherit","type":"attachment","link":"https:\/\/kilosorunum.com\/habercim\/foto-galeri\/oyun-bagimlisi-gencler\/attachment\/1-15-768x201-2495\/","title":{"rendered":"Oyun ba\u011f\u0131ml\u0131s\u0131 gen\u00e7ler"},"author":2,"comment_status":"open","ping_status":"closed","template":"","meta":[],"description":{"rendered":"<p class=\"attachment\"><a href='https:\/\/kilosorunum.com\/habercim\/wp-content\/uploads\/2026\/04\/1-15-768x201-175.jpg'><img width=\"300\" height=\"79\" src=\"https:\/\/kilosorunum.com\/habercim\/wp-content\/uploads\/2026\/04\/1-15-768x201-175-300x79.jpg\" class=\"attachment-medium size-medium\" alt=\"\" loading=\"lazy\" srcset=\"https:\/\/kilosorunum.com\/habercim\/wp-content\/uploads\/2026\/04\/1-15-768x201-175-300x79.jpg 300w, https:\/\/kilosorunum.com\/habercim\/wp-content\/uploads\/2026\/04\/1-15-768x201-175.jpg 768w\" sizes=\"(max-width: 300px) 100vw, 300px\" \/><\/a><\/p>\n"},"caption":{"rendered":"<p>Kahramanmara\u015f&#8217;taki okul katliam\u0131n\u0131n b\u00fcy\u00fcmesini kahraman a\u015f\u00e7\u0131 Necmettin Bek\u00e7i \u00f6nledi! \u0130fadesi ortaya \u00e7\u0131kt\u0131: B\u0131\u00e7a\u011f\u0131 baca\u011f\u0131na do\u011fru sallad\u0131m&#8230; Soru\u015fturma birimlerine ifade veren Necmettin Bek\u00e7i, olay g\u00fcn\u00fc saat 12.30 s\u0131ralar\u0131nda k\u00fc\u00e7\u00fck k\u0131z\u0131n\u0131 e\u015finin okula g\u00f6t\u00fcrd\u00fc\u011f\u00fcn\u00fc s\u00f6yleyerek, &#8220;Ard\u0131ndan arkada\u015flar\u0131 ile Kuran okumaya gidece\u011fini s\u00f6ylemi\u015fti. Saat 13:30 s\u0131ralar\u0131nda ikametimde oturdu\u011fum esnada d\u0131\u015far\u0131dan silah veya \u00e7eki\u00e7 seslerine benzer sesler duymaya ba\u015flad\u0131m.&#8221;<br \/>\n&#8220;Ben yan tarafta bulunan in\u015faattan seslerin geldi\u011fini d\u00fc\u015f\u00fcnd\u00fcm. Sesler art\u0131nca balkona \u00e7\u0131k\u0131p d\u0131\u015far\u0131 bakt\u0131\u011f\u0131mda okul \u00f6\u011frencilerinin camlardan atlayarak ka\u00e7t\u0131\u011f\u0131n\u0131 g\u00f6rd\u00fcm&#8221;<br \/>\n&#8220;Bu s\u0131rada seslerin silah sesleri oldu\u011funu ve okuldan geldi\u011fini anlad\u0131m. \u00c7ocuklar\u0131m okulda oldu\u011fu i\u00e7in ko\u015farak okula gittim&#8221; dedi. Okulun arka kap\u0131s\u0131ndan kantin b\u00f6l\u00fcm\u00fcnden bina i\u00e7erisine girdi\u011fini dile getiren Bek\u00e7i, &#8220;Arka merdivenlerden \u00e7\u0131kt\u0131\u011f\u0131mda bir \u015fahs\u0131n yerde yatt\u0131\u011f\u0131n\u0131 ve bu \u015fahs\u0131 tutmaya \u00e7al\u0131\u015fan birka\u00e7 ki\u015fiyi g\u00f6rd\u00fcm.&#8221;<br \/>\n&#8220;Bildi\u011fim kadar\u0131 ile \u015fahs\u0131 tutmaya \u00e7al\u0131\u015fanlardan biri okulun kantincisi \u00dcmit isimli \u015fah\u0131s ve di\u011fer 2 \u015fah\u0131s ise okulun \u00f6\u011fretmenleriydi ancak isimlerini bilmiyorum. &#8221; &#8220;Ben de yard\u0131m etmek ve \u015fahs\u0131n ba\u015fkas\u0131na zarar vermesini \u00f6nlemek i\u00e7in yanlar\u0131na gittim. Bu esnada olay\u0131n \u015f\u00fcphelisinin bu \u015fah\u0131s oldu\u011funu anlad\u0131m.&#8221;<br \/>\n&#8220;\u015eahs\u0131n sa\u00e7lar\u0131 uzundu ve kafas\u0131nda kap\u00fc\u015fon vard\u0131 g\u00f6r\u00fcn\u00fc\u015f itibari ile ya\u015f\u0131n\u0131 tahminim 25-30 olarak d\u00fc\u015f\u00fcnd\u00fcm. Baya iri ve uzun boylu bir \u015fah\u0131st\u0131 ancak y\u00fcz\u00fcn\u00fc g\u00f6rmedim&#8221; diye konu\u015ftu.<br \/>\n\u0130sa Aras Mersinli&#8217;nin ellerinden kurtulmaya \u00e7al\u0131\u015fmas\u0131 \u00fczerine nereden ald\u0131\u011f\u0131n\u0131 bilmedi\u011fi b\u0131\u00e7ak ile bir defa baca\u011f\u0131na do\u011fru b\u0131\u00e7ak sallad\u0131\u011f\u0131n\u0131 s\u00f6yleyen Bek\u00e7i, &#8220;Benim b\u0131\u00e7a\u011f\u0131 sallamamdaki amac\u0131m \u015fahs\u0131n aya\u011fa kalk\u0131p ka\u00e7mas\u0131n\u0131 ve ba\u015fkalar\u0131na zarar vermesini \u00f6nlemekti&#8221; dedi. Sonras\u0131nda polislerin geldi\u011fini ve yaral\u0131 \u00e7ocuklara yard\u0131m etmeye ba\u015flad\u0131\u011f\u0131n\u0131 aktaran Bek\u00e7i, &#8220;Okulun binas\u0131na giren \u00e7ok say\u0131da vatanda\u015f ve polis ile yaral\u0131lar\u0131 \u00e7\u0131karmaya ba\u015flad\u0131k. Biz d\u0131\u015far\u0131 \u00e7\u0131kt\u0131\u011f\u0131m\u0131zda ambulanslar da gelmi\u015fti. Ben \u00e7ocuklar\u0131m\u0131 arad\u0131m ve k\u0131z\u0131m\u0131 ana s\u0131n\u0131f\u0131ndan ald\u0131m. O\u011flum ise eve ge\u00e7mi\u015f&#8221; diye konu\u015ftu.<br \/>\nO\u011flunun olay\u0131 evde anlatt\u0131\u011f\u0131n\u0131 dile getiren Bek\u00e7i, &#8220;O\u011flum evimize gidince bana silah sesleri duyunca kendisini tuvalete kilitledi\u011fini ve bu \u015fekilde sakland\u0131\u011f\u0131n\u0131 ve eve geldi\u011fini anlatt\u0131. O\u011flumun s\u0131n\u0131f\u0131nda 2 s\u0131n\u0131f arkada\u015f\u0131 rahmetli oldu. &#8221;<br \/>\n&#8220;Olay esnas\u0131nda kulland\u0131\u011f\u0131m b\u0131\u00e7a\u011f\u0131 ben olay yerinde b\u0131rakt\u0131m diye hat\u0131rl\u0131yorum. Evden \u00e7\u0131karken yan\u0131mda b\u0131\u00e7ak yoktu. Kantin taraf\u0131ndan girince elime b\u0131\u00e7ak alm\u0131\u015f olabilirim. Olay\u0131n \u015foku ile bu hususu tam hat\u0131rlam\u0131yorum&#8221; dedi. <\/p>\n<p>Kaynak : sabah.com.tr<\/p>\n"},"alt_text":"","media_type":"image","mime_type":"image\/jpeg","media_details":{"width":768,"height":201,"file":"2026\/04\/1-15-768x201-175.jpg","sizes":{"medium":{"file":"1-15-768x201-175-300x79.jpg","width":300,"height":79,"mime_type":"image\/jpeg","source_url":"https:\/\/kilosorunum.com\/habercim\/wp-content\/uploads\/2026\/04\/1-15-768x201-175-300x79.jpg"},"thumbnail":{"file":"1-15-768x201-175-150x150.jpg","width":150,"height":150,"mime_type":"image\/jpeg","source_url":"https:\/\/kilosorunum.com\/habercim\/wp-content\/uploads\/2026\/04\/1-15-768x201-175-150x150.jpg"},"kucukResim":{"file":"1-15-768x201-175-80x50.jpg","width":80,"height":50,"mime_type":"image\/jpeg","source_url":"https:\/\/kilosorunum.com\/habercim\/wp-content\/uploads\/2026\/04\/1-15-768x201-175-80x50.jpg"},"sliderResim":{"file":"1-15-768x201-175-670x201.jpg","width":670,"height":201,"mime_type":"image\/jpeg","source_url":"https:\/\/kilosorunum.com\/habercim\/wp-content\/uploads\/2026\/04\/1-15-768x201-175-670x201.jpg"},"resim1":{"file":"1-15-768x201-175-184x140.jpg","width":184,"height":140,"mime_type":"image\/jpeg","source_url":"https:\/\/kilosorunum.com\/habercim\/wp-content\/uploads\/2026\/04\/1-15-768x201-175-184x140.jpg"},"resim2":{"file":"1-15-768x201-175-216x103.jpg","width":216,"height":103,"mime_type":"image\/jpeg","source_url":"https:\/\/kilosorunum.com\/habercim\/wp-content\/uploads\/2026\/04\/1-15-768x201-175-216x103.jpg"},"resim3":{"file":"1-15-768x201-175-145x70.jpg","width":145,"height":70,"mime_type":"image\/jpeg","source_url":"https:\/\/kilosorunum.com\/habercim\/wp-content\/uploads\/2026\/04\/1-15-768x201-175-145x70.jpg"},"sagSlider":{"file":"1-15-768x201-175-300x150.jpg","width":300,"height":150,"mime_type":"image\/jpeg","source_url":"https:\/\/kilosorunum.com\/habercim\/wp-content\/uploads\/2026\/04\/1-15-768x201-175-300x150.jpg"},"yeniSlider":{"file":"1-15-768x201-175-500x201.jpg","width":500,"height":201,"mime_type":"image\/jpeg","source_url":"https:\/\/kilosorunum.com\/habercim\/wp-content\/uploads\/2026\/04\/1-15-768x201-175-500x201.jpg"},"full":{"file":"1-15-768x201-175.jpg","width":768,"height":201,"mime_type":"image\/jpeg","source_url":"https:\/\/kilosorunum.com\/habercim\/wp-content\/uploads\/2026\/04\/1-15-768x201-175.jpg"}},"image_meta":{"aperture":"0","credit":"","camera":"","caption":"","created_timestamp":"0","copyright":"","focal_length":"0","iso":"0","shutter_speed":"0","title":"","orientation":"0","keywords":[]}},"post":46452,"source_url":"https:\/\/kilosorunum.com\/habercim\/wp-content\/uploads\/2026\/04\/1-15-768x201-175.jpg","_links":{"self":[{"href":"https:\/\/kilosorunum.com\/habercim\/wp-json\/wp\/v2\/media\/46454"}],"collection":[{"href":"https:\/\/kilosorunum.com\/habercim\/wp-json\/wp\/v2\/media"}],"about":[{"href":"https:\/\/kilosorunum.com\/habercim\/wp-json\/wp\/v2\/types\/attachment"}],"author":[{"embeddable":true,"href":"https:\/\/kilosorunum.com\/habercim\/wp-json\/wp\/v2\/users\/2"}],"replies":[{"embeddable":true,"href":"https:\/\/kilosorunum.com\/habercim\/wp-json\/wp\/v2\/comments?post=46454"}]}}

Oyun bağımlısı gençler

<p>Kahramanmaraş&#8217;taki okul katliamının büyümesini kahraman aşçı Necmettin Bekçi önledi! İfadesi ortaya çıktı: Bıçağı bacağına doğru salladım&#8230; Soruşturma birimlerine ifade veren Necmettin Bekçi, olay günü saat 12.30 sıralarında küçük kızını eşinin okula götürdüğünü söyleyerek, &#8220;Ardından arkadaşları ile Kuran okumaya gideceğini söylemişti. Saat 13:30 sıralarında ikametimde oturduğum esnada dışarıdan silah veya çekiç seslerine benzer sesler duymaya başladım.&#8221;<br />
&#8220;Ben yan tarafta bulunan inşaattan seslerin geldiğini düşündüm. Sesler artınca balkona çıkıp dışarı baktığımda okul öğrencilerinin camlardan atlayarak kaçtığını gördüm&#8221;<br />
&#8220;Bu sırada seslerin silah sesleri olduğunu ve okuldan geldiğini anladım. Çocuklarım okulda olduğu için koşarak okula gittim&#8221; dedi. Okulun arka kapısından kantin bölümünden bina içerisine girdiğini dile getiren Bekçi, &#8220;Arka merdivenlerden çıktığımda bir şahsın yerde yattığını ve bu şahsı tutmaya çalışan birkaç kişiyi gördüm.&#8221;<br />
&#8220;Bildiğim kadarı ile şahsı tutmaya çalışanlardan biri okulun kantincisi Ümit isimli şahıs ve diğer 2 şahıs ise okulun öğretmenleriydi ancak isimlerini bilmiyorum. &#8221; &#8220;Ben de yardım etmek ve şahsın başkasına zarar vermesini önlemek için yanlarına gittim. Bu esnada olayın şüphelisinin bu şahıs olduğunu anladım.&#8221;<br />
&#8220;Şahsın saçları uzundu ve kafasında kapüşon vardı görünüş itibari ile yaşını tahminim 25-30 olarak düşündüm. Baya iri ve uzun boylu bir şahıstı ancak yüzünü görmedim&#8221; diye konuştu.<br />
İsa Aras Mersinli&#8217;nin ellerinden kurtulmaya çalışması üzerine nereden aldığını bilmediği bıçak ile bir defa bacağına doğru bıçak salladığını söyleyen Bekçi, &#8220;Benim bıçağı sallamamdaki amacım şahsın ayağa kalkıp kaçmasını ve başkalarına zarar vermesini önlemekti&#8221; dedi. Sonrasında polislerin geldiğini ve yaralı çocuklara yardım etmeye başladığını aktaran Bekçi, &#8220;Okulun binasına giren çok sayıda vatandaş ve polis ile yaralıları çıkarmaya başladık. Biz dışarı çıktığımızda ambulanslar da gelmişti. Ben çocuklarımı aradım ve kızımı ana sınıfından aldım. Oğlum ise eve geçmiş&#8221; diye konuştu.<br />
Oğlunun olayı evde anlattığını dile getiren Bekçi, &#8220;Oğlum evimize gidince bana silah sesleri duyunca kendisini tuvalete kilitlediğini ve bu şekilde saklandığını ve eve geldiğini anlattı. Oğlumun sınıfında 2 sınıf arkadaşı rahmetli oldu. &#8221;<br />
&#8220;Olay esnasında kullandığım bıçağı ben olay yerinde bıraktım diye hatırlıyorum. Evden çıkarken yanımda bıçak yoktu. Kantin tarafından girince elime bıçak almış olabilirim. Olayın şoku ile bu hususu tam hatırlamıyorum&#8221; dedi. </p>
<p>Kaynak : sabah.com.tr</p>
