{"id":46525,"date":"2026-04-17T02:36:51","date_gmt":"2026-04-16T23:36:51","guid":{"rendered":"https:\/\/kilosorunum.com\/habercim\/wp-content\/uploads\/2026\/04\/1-15-768x201-193.jpg"},"modified":"2026-04-17T02:39:24","modified_gmt":"2026-04-16T23:39:24","slug":"1-15-768x201-2513","status":"inherit","type":"attachment","link":"https:\/\/kilosorunum.com\/habercim\/foto-galeri\/bilgisayarinda-notlar\/attachment\/1-15-768x201-2513\/","title":{"rendered":"Bilgisayar\u0131nda Notlar"},"author":2,"comment_status":"open","ping_status":"closed","template":"","meta":[],"description":{"rendered":"<p class=\"attachment\"><a href='https:\/\/kilosorunum.com\/habercim\/wp-content\/uploads\/2026\/04\/1-15-768x201-193.jpg'><img width=\"300\" height=\"79\" src=\"https:\/\/kilosorunum.com\/habercim\/wp-content\/uploads\/2026\/04\/1-15-768x201-193-300x79.jpg\" class=\"attachment-medium size-medium\" alt=\"\" loading=\"lazy\" srcset=\"https:\/\/kilosorunum.com\/habercim\/wp-content\/uploads\/2026\/04\/1-15-768x201-193-300x79.jpg 300w, https:\/\/kilosorunum.com\/habercim\/wp-content\/uploads\/2026\/04\/1-15-768x201-193.jpg 768w\" sizes=\"(max-width: 300px) 100vw, 300px\" \/><\/a><\/p>\n"},"caption":{"rendered":"<p>Kahramanmara\u015f&#8217;taki okul sald\u0131r\u0131s\u0131n\u0131 ger\u00e7ekle\u015ftiren \u0130sa Aras Mersinli&#8217;nin, eylemini 11 Nisan&#8217;da planlad\u0131\u011f\u0131 anla\u015f\u0131ld\u0131. Savc\u0131l\u0131k, Mersinli&#8217;nin telefon ve bilgisayar kay\u0131tlar\u0131n\u0131 inceliyor.<br \/>\nKahramanmara\u015f&#8217;\u0131n Oniki\u015fubat il\u00e7esindeki Ayser \u00c7al\u0131k Ortaokulu&#8217;nda dokuz ki\u015finin ya\u015fam\u0131n\u0131 yitirdi\u011fi silahl\u0131 sald\u0131r\u0131ya ili\u015fkin soru\u015fturma s\u00fcr\u00fcyor.<\/p>\n<p>Sald\u0131r\u0131n\u0131n faili \u0130sa Aras Mersinli&#8217;nin evinde yap\u0131lan aramada ki\u015fisel bilgisayar\u0131 ve cep telefonu gibi dijital materyallerine el konuldu.<\/p>\n<p>Dijital materyal \u00fczerinde yap\u0131lan ilk incelemede failin bilgisayar\u0131nda 11 Nisan tarihli bir belgeye ula\u015f\u0131ld\u0131.<\/p>\n<p>S\u00f6z konusu belgede, sald\u0131rgan\u0131n yak\u0131n d\u00f6nemde b\u00fcy\u00fck bir eylem ger\u00e7ekle\u015ftirece\u011fine dair not bulundu. Silahl\u0131 sald\u0131r\u0131n\u0131n faili \u0130sa Aras Mersinli&#8217;nin WhatsApp profil foto\u011fraf\u0131na ABD&#8217;de alt\u0131 \u00f6\u011frenciyi \u00f6ld\u00fcren Elliot Rodger&#8217;\u0131n foto\u011fraf\u0131n\u0131 koydu\u011fu ortaya \u00e7\u0131km\u0131\u015ft\u0131.<br \/>\nKahramanmara\u015f Cumhuriyet Ba\u015fsavc\u0131l\u0131\u011f\u0131&#8217;ndan konuyla ilgili yap\u0131lan a\u00e7\u0131klamada, &#8220;Mevcut deliller itibariyle eyleme ili\u015fkin herhangi bir ter\u00f6r ba\u011flant\u0131s\u0131 tespit edilememi\u015f olup eylemin failin bireysel olarak ger\u00e7ekle\u015ftirdi\u011fi bir eylem oldu\u011fu \u00f6n kanaatine var\u0131lm\u0131\u015ft\u0131r.&#8221; denildi. Ba\u015fsavc\u0131l\u0131k a\u00e7\u0131klamas\u0131nda daha \u00f6nce yay\u0131n yasa\u011f\u0131 karar\u0131 al\u0131nmas\u0131na ra\u011fmen provokatif payla\u015f\u0131m yapan hesaplara y\u00f6nelik ba\u015flat\u0131lan adli i\u015flemlerin ise s\u00fcrd\u00fc\u011f\u00fc kaydedildi.<br \/>\nA\u00e7\u0131klamada, &#8220;Soru\u015fturma \u00e7ocuklar\u0131m\u0131z\u0131 baz\u0131 olumsuz eylemlere y\u00f6nlendirmeye \u00e7al\u0131\u015fan dijital platformlarda incelenmek \u00fczere t\u00fcm y\u00f6nleri ile ve derinle\u015ftirilerek s\u00fcrmektedir.&#8221; denildi.<br \/>\nSALDIRI NASIL GER\u00c7EKLE\u015eT\u0130?<br \/>\nT\u00fcrkiye&#8217;nin g\u00fcndemine oturan sald\u0131r\u0131 d\u00fcn \u00f6\u011flen saatlerinde Oniki\u015fubat il\u00e7esinde ya\u015fand\u0131.<\/p>\n<p>\u0130sra Aras Mersinli, be\u015f silah ve yedi \u015farj\u00f6rle doldurdu\u011fu \u00e7antayla Ayser \u00c7al\u0131k Ortaokulu&#8217;na girdi.<\/p>\n<p>\u0130lk belirlemelere g\u00f6re, sald\u0131rgan be\u015finci s\u0131n\u0131flara y\u00f6neldi ve girdi\u011fi iki s\u0131n\u0131fa do\u011fru ate\u015f a\u00e7t\u0131.<\/p>\n<p>Babas\u0131 eski bir emniyet mensubu olan silahl\u0131 sald\u0131rgan\u0131n, olayda kulland\u0131\u011f\u0131 silahlar\u0131n babas\u0131na ait oldu\u011fu d\u00fc\u015f\u00fcn\u00fcl\u00fcyor. <\/p>\n<p>Kaynak : ntv.com.tr<\/p>\n"},"alt_text":"","media_type":"image","mime_type":"image\/jpeg","media_details":{"width":768,"height":201,"file":"2026\/04\/1-15-768x201-193.jpg","sizes":{"medium":{"file":"1-15-768x201-193-300x79.jpg","width":300,"height":79,"mime_type":"image\/jpeg","source_url":"https:\/\/kilosorunum.com\/habercim\/wp-content\/uploads\/2026\/04\/1-15-768x201-193-300x79.jpg"},"thumbnail":{"file":"1-15-768x201-193-150x150.jpg","width":150,"height":150,"mime_type":"image\/jpeg","source_url":"https:\/\/kilosorunum.com\/habercim\/wp-content\/uploads\/2026\/04\/1-15-768x201-193-150x150.jpg"},"kucukResim":{"file":"1-15-768x201-193-80x50.jpg","width":80,"height":50,"mime_type":"image\/jpeg","source_url":"https:\/\/kilosorunum.com\/habercim\/wp-content\/uploads\/2026\/04\/1-15-768x201-193-80x50.jpg"},"sliderResim":{"file":"1-15-768x201-193-670x201.jpg","width":670,"height":201,"mime_type":"image\/jpeg","source_url":"https:\/\/kilosorunum.com\/habercim\/wp-content\/uploads\/2026\/04\/1-15-768x201-193-670x201.jpg"},"resim1":{"file":"1-15-768x201-193-184x140.jpg","width":184,"height":140,"mime_type":"image\/jpeg","source_url":"https:\/\/kilosorunum.com\/habercim\/wp-content\/uploads\/2026\/04\/1-15-768x201-193-184x140.jpg"},"resim2":{"file":"1-15-768x201-193-216x103.jpg","width":216,"height":103,"mime_type":"image\/jpeg","source_url":"https:\/\/kilosorunum.com\/habercim\/wp-content\/uploads\/2026\/04\/1-15-768x201-193-216x103.jpg"},"resim3":{"file":"1-15-768x201-193-145x70.jpg","width":145,"height":70,"mime_type":"image\/jpeg","source_url":"https:\/\/kilosorunum.com\/habercim\/wp-content\/uploads\/2026\/04\/1-15-768x201-193-145x70.jpg"},"sagSlider":{"file":"1-15-768x201-193-300x150.jpg","width":300,"height":150,"mime_type":"image\/jpeg","source_url":"https:\/\/kilosorunum.com\/habercim\/wp-content\/uploads\/2026\/04\/1-15-768x201-193-300x150.jpg"},"yeniSlider":{"file":"1-15-768x201-193-500x201.jpg","width":500,"height":201,"mime_type":"image\/jpeg","source_url":"https:\/\/kilosorunum.com\/habercim\/wp-content\/uploads\/2026\/04\/1-15-768x201-193-500x201.jpg"},"full":{"file":"1-15-768x201-193.jpg","width":768,"height":201,"mime_type":"image\/jpeg","source_url":"https:\/\/kilosorunum.com\/habercim\/wp-content\/uploads\/2026\/04\/1-15-768x201-193.jpg"}},"image_meta":{"aperture":"0","credit":"","camera":"","caption":"","created_timestamp":"0","copyright":"","focal_length":"0","iso":"0","shutter_speed":"0","title":"","orientation":"0","keywords":[]}},"post":46523,"source_url":"https:\/\/kilosorunum.com\/habercim\/wp-content\/uploads\/2026\/04\/1-15-768x201-193.jpg","_links":{"self":[{"href":"https:\/\/kilosorunum.com\/habercim\/wp-json\/wp\/v2\/media\/46525"}],"collection":[{"href":"https:\/\/kilosorunum.com\/habercim\/wp-json\/wp\/v2\/media"}],"about":[{"href":"https:\/\/kilosorunum.com\/habercim\/wp-json\/wp\/v2\/types\/attachment"}],"author":[{"embeddable":true,"href":"https:\/\/kilosorunum.com\/habercim\/wp-json\/wp\/v2\/users\/2"}],"replies":[{"embeddable":true,"href":"https:\/\/kilosorunum.com\/habercim\/wp-json\/wp\/v2\/comments?post=46525"}]}}

Bilgisayarında Notlar

<p>Kahramanmaraş&#8217;taki okul saldırısını gerçekleştiren İsa Aras Mersinli&#8217;nin, eylemini 11 Nisan&#8217;da planladığı anlaşıldı. Savcılık, Mersinli&#8217;nin telefon ve bilgisayar kayıtlarını inceliyor.<br />
Kahramanmaraş&#8217;ın Onikişubat ilçesindeki Ayser Çalık Ortaokulu&#8217;nda dokuz kişinin yaşamını yitirdiği silahlı saldırıya ilişkin soruşturma sürüyor.</p>
<p>Saldırının faili İsa Aras Mersinli&#8217;nin evinde yapılan aramada kişisel bilgisayarı ve cep telefonu gibi dijital materyallerine el konuldu.</p>
<p>Dijital materyal üzerinde yapılan ilk incelemede failin bilgisayarında 11 Nisan tarihli bir belgeye ulaşıldı.</p>
<p>Söz konusu belgede, saldırganın yakın dönemde büyük bir eylem gerçekleştireceğine dair not bulundu. Silahlı saldırının faili İsa Aras Mersinli&#8217;nin WhatsApp profil fotoğrafına ABD&#8217;de altı öğrenciyi öldüren Elliot Rodger&#8217;ın fotoğrafını koyduğu ortaya çıkmıştı.<br />
Kahramanmaraş Cumhuriyet Başsavcılığı&#8217;ndan konuyla ilgili yapılan açıklamada, &#8220;Mevcut deliller itibariyle eyleme ilişkin herhangi bir terör bağlantısı tespit edilememiş olup eylemin failin bireysel olarak gerçekleştirdiği bir eylem olduğu ön kanaatine varılmıştır.&#8221; denildi. Başsavcılık açıklamasında daha önce yayın yasağı kararı alınmasına rağmen provokatif paylaşım yapan hesaplara yönelik başlatılan adli işlemlerin ise sürdüğü kaydedildi.<br />
Açıklamada, &#8220;Soruşturma çocuklarımızı bazı olumsuz eylemlere yönlendirmeye çalışan dijital platformlarda incelenmek üzere tüm yönleri ile ve derinleştirilerek sürmektedir.&#8221; denildi.<br />
SALDIRI NASIL GERÇEKLEŞTİ?<br />
Türkiye&#8217;nin gündemine oturan saldırı dün öğlen saatlerinde Onikişubat ilçesinde yaşandı.</p>
<p>İsra Aras Mersinli, beş silah ve yedi şarjörle doldurduğu çantayla Ayser Çalık Ortaokulu&#8217;na girdi.</p>
<p>İlk belirlemelere göre, saldırgan beşinci sınıflara yöneldi ve girdiği iki sınıfa doğru ateş açtı.</p>
<p>Babası eski bir emniyet mensubu olan silahlı saldırganın, olayda kullandığı silahların babasına ait olduğu düşünülüyor. </p>
<p>Kaynak : ntv.com.tr</p>
