{"id":46575,"date":"2026-04-18T17:55:02","date_gmt":"2026-04-18T14:55:02","guid":{"rendered":"https:\/\/kilosorunum.com\/habercim\/wp-content\/uploads\/2026\/04\/1-210.jpg"},"modified":"2026-04-18T17:56:38","modified_gmt":"2026-04-18T14:56:38","slug":"1-5945","status":"inherit","type":"attachment","link":"https:\/\/kilosorunum.com\/habercim\/foto-galeri\/isa-aras-mersinli-cenaze\/attachment\/1-5945\/","title":{"rendered":"\u0130sa Aras Mersinli Cenaze"},"author":2,"comment_status":"open","ping_status":"closed","template":"","meta":[],"description":{"rendered":"<p class=\"attachment\"><a href='https:\/\/kilosorunum.com\/habercim\/wp-content\/uploads\/2026\/04\/1-210.jpg'><img width=\"300\" height=\"169\" src=\"https:\/\/kilosorunum.com\/habercim\/wp-content\/uploads\/2026\/04\/1-210-300x169.jpg\" class=\"attachment-medium size-medium\" alt=\"\" loading=\"lazy\" srcset=\"https:\/\/kilosorunum.com\/habercim\/wp-content\/uploads\/2026\/04\/1-210-300x169.jpg 300w, https:\/\/kilosorunum.com\/habercim\/wp-content\/uploads\/2026\/04\/1-210-1024x576.jpg 1024w, https:\/\/kilosorunum.com\/habercim\/wp-content\/uploads\/2026\/04\/1-210-768x432.jpg 768w, https:\/\/kilosorunum.com\/habercim\/wp-content\/uploads\/2026\/04\/1-210.jpg 1200w\" sizes=\"(max-width: 300px) 100vw, 300px\" \/><\/a><\/p>\n"},"caption":{"rendered":"<p>Kahramanmara\u015f&#8217;\u0131n Oniki\u015fubat il\u00e7esindeki Ayser \u00c7al\u0131k Ortaokulu&#8217;nda dokuz ki\u015finin ya\u015fam\u0131n\u0131 yitirdi\u011fi silahl\u0131 sald\u0131r\u0131y\u0131 ger\u00e7ekle\u015ftiren katil zanl\u0131s\u0131 \u0130sa Aras Mersinli&#8217;nin \u00f6lmedi\u011fine ili\u015fkin iddialar yalanland\u0131.<\/p>\n<p>Dezenformasyonla M\u00fccadele Merkezi, sosyal medyada dola\u015f\u0131ma sokulan iddialara ili\u015fkin a\u00e7\u0131klama yapt\u0131. \u201c\u0130DD\u0130ALAR TAMAMEN ASILSIZ\u201d<\/p>\n<p>Merkezin sosyal medya hesab\u0131ndan yap\u0131lan a\u00e7\u0131klamada, &#8220;Baz\u0131 sosyal medya mecralar\u0131nda ve dijital platformlarda, Kahramanmara\u015f\u2019ta ger\u00e7ekle\u015fen elim hadisenin failinin \u00f6lmedi\u011fine dair dola\u015f\u0131ma sokulan iddialar tamamen as\u0131ls\u0131zd\u0131r ve ger\u00e7e\u011fi yans\u0131tmamaktad\u0131r.&#8221; denildi.<\/p>\n<p>A\u00e7\u0131klamada sald\u0131rgan\u0131n 16 Nisan g\u00fcn\u00fc g\u00f6m\u00fcld\u00fc\u011f\u00fc ifade edildi.<\/p>\n<p>Bu durumun resmi kay\u0131tlarda da sabit oldu\u011fu vurgulanan payla\u015f\u0131mda, \u015fu ifadelere yer verildi:<\/p>\n<p>&#8220;Resmi kay\u0131tlarla sabit olan bu ger\u00e7e\u011fin aksine yap\u0131lan payla\u015f\u0131mlar;<\/p>\n<p>\u2022 Toplumsal hassasiyetleri istismar etmeyi,<\/p>\n<p>\u2022 Devlet-millet aras\u0131ndaki g\u00fcven ba\u011f\u0131n\u0131 zedelemeyi,<\/p>\n<p>\u2022 Milli birlik ve b\u00fct\u00fcnl\u00fc\u011f\u00fcm\u00fcz\u00fc sarsmay\u0131 isteyen bilin\u00e7li birer alg\u0131 operasyonu ve kara propaganda faaliyetidir.&#8221;<\/p>\n<p>A\u00e7\u0131klamada s\u00f6z konusu payla\u015f\u0131mlar\u0131 yapanlar hakk\u0131nda yasal s\u00fcre\u00e7 ba\u015flat\u0131ld\u0131\u011f\u0131 kaydedildi.<\/p>\n<p>Kaynak : ntv.com.tr<\/p>\n"},"alt_text":"","media_type":"image","mime_type":"image\/jpeg","media_details":{"width":1200,"height":675,"file":"2026\/04\/1-210.jpg","sizes":{"medium":{"file":"1-210-300x169.jpg","width":300,"height":169,"mime_type":"image\/jpeg","source_url":"https:\/\/kilosorunum.com\/habercim\/wp-content\/uploads\/2026\/04\/1-210-300x169.jpg"},"large":{"file":"1-210-1024x576.jpg","width":1024,"height":576,"mime_type":"image\/jpeg","source_url":"https:\/\/kilosorunum.com\/habercim\/wp-content\/uploads\/2026\/04\/1-210-1024x576.jpg"},"thumbnail":{"file":"1-210-150x150.jpg","width":150,"height":150,"mime_type":"image\/jpeg","source_url":"https:\/\/kilosorunum.com\/habercim\/wp-content\/uploads\/2026\/04\/1-210-150x150.jpg"},"medium_large":{"file":"1-210-768x432.jpg","width":768,"height":432,"mime_type":"image\/jpeg","source_url":"https:\/\/kilosorunum.com\/habercim\/wp-content\/uploads\/2026\/04\/1-210-768x432.jpg"},"kucukResim":{"file":"1-210-80x50.jpg","width":80,"height":50,"mime_type":"image\/jpeg","source_url":"https:\/\/kilosorunum.com\/habercim\/wp-content\/uploads\/2026\/04\/1-210-80x50.jpg"},"sliderResim":{"file":"1-210-670x330.jpg","width":670,"height":330,"mime_type":"image\/jpeg","source_url":"https:\/\/kilosorunum.com\/habercim\/wp-content\/uploads\/2026\/04\/1-210-670x330.jpg"},"resim1":{"file":"1-210-184x140.jpg","width":184,"height":140,"mime_type":"image\/jpeg","source_url":"https:\/\/kilosorunum.com\/habercim\/wp-content\/uploads\/2026\/04\/1-210-184x140.jpg"},"resim2":{"file":"1-210-216x103.jpg","width":216,"height":103,"mime_type":"image\/jpeg","source_url":"https:\/\/kilosorunum.com\/habercim\/wp-content\/uploads\/2026\/04\/1-210-216x103.jpg"},"resim3":{"file":"1-210-145x70.jpg","width":145,"height":70,"mime_type":"image\/jpeg","source_url":"https:\/\/kilosorunum.com\/habercim\/wp-content\/uploads\/2026\/04\/1-210-145x70.jpg"},"sagSlider":{"file":"1-210-300x150.jpg","width":300,"height":150,"mime_type":"image\/jpeg","source_url":"https:\/\/kilosorunum.com\/habercim\/wp-content\/uploads\/2026\/04\/1-210-300x150.jpg"},"yeniSlider":{"file":"1-210-500x290.jpg","width":500,"height":290,"mime_type":"image\/jpeg","source_url":"https:\/\/kilosorunum.com\/habercim\/wp-content\/uploads\/2026\/04\/1-210-500x290.jpg"},"full":{"file":"1-210.jpg","width":1200,"height":675,"mime_type":"image\/jpeg","source_url":"https:\/\/kilosorunum.com\/habercim\/wp-content\/uploads\/2026\/04\/1-210.jpg"}},"image_meta":{"aperture":"0","credit":"","camera":"","caption":"","created_timestamp":"0","copyright":"","focal_length":"0","iso":"0","shutter_speed":"0","title":"","orientation":"0","keywords":[]}},"post":46573,"source_url":"https:\/\/kilosorunum.com\/habercim\/wp-content\/uploads\/2026\/04\/1-210.jpg","_links":{"self":[{"href":"https:\/\/kilosorunum.com\/habercim\/wp-json\/wp\/v2\/media\/46575"}],"collection":[{"href":"https:\/\/kilosorunum.com\/habercim\/wp-json\/wp\/v2\/media"}],"about":[{"href":"https:\/\/kilosorunum.com\/habercim\/wp-json\/wp\/v2\/types\/attachment"}],"author":[{"embeddable":true,"href":"https:\/\/kilosorunum.com\/habercim\/wp-json\/wp\/v2\/users\/2"}],"replies":[{"embeddable":true,"href":"https:\/\/kilosorunum.com\/habercim\/wp-json\/wp\/v2\/comments?post=46575"}]}}

İsa Aras Mersinli Cenaze

<p>Kahramanmaraş&#8217;ın Onikişubat ilçesindeki Ayser Çalık Ortaokulu&#8217;nda dokuz kişinin yaşamını yitirdiği silahlı saldırıyı gerçekleştiren katil zanlısı İsa Aras Mersinli&#8217;nin ölmediğine ilişkin iddialar yalanlandı.</p>
<p>Dezenformasyonla Mücadele Merkezi, sosyal medyada dolaşıma sokulan iddialara ilişkin açıklama yaptı. “İDDİALAR TAMAMEN ASILSIZ”</p>
<p>Merkezin sosyal medya hesabından yapılan açıklamada, &#8220;Bazı sosyal medya mecralarında ve dijital platformlarda, Kahramanmaraş’ta gerçekleşen elim hadisenin failinin ölmediğine dair dolaşıma sokulan iddialar tamamen asılsızdır ve gerçeği yansıtmamaktadır.&#8221; denildi.</p>
<p>Açıklamada saldırganın 16 Nisan günü gömüldüğü ifade edildi.</p>
<p>Bu durumun resmi kayıtlarda da sabit olduğu vurgulanan paylaşımda, şu ifadelere yer verildi:</p>
<p>&#8220;Resmi kayıtlarla sabit olan bu gerçeğin aksine yapılan paylaşımlar;</p>
<p>• Toplumsal hassasiyetleri istismar etmeyi,</p>
<p>• Devlet-millet arasındaki güven bağını zedelemeyi,</p>
<p>• Milli birlik ve bütünlüğümüzü sarsmayı isteyen bilinçli birer algı operasyonu ve kara propaganda faaliyetidir.&#8221;</p>
<p>Açıklamada söz konusu paylaşımları yapanlar hakkında yasal süreç başlatıldığı kaydedildi.</p>
<p>Kaynak : ntv.com.tr</p>
