{"id":46786,"date":"2026-04-22T14:40:01","date_gmt":"2026-04-22T11:40:01","guid":{"rendered":"https:\/\/kilosorunum.com\/habercim\/wp-content\/uploads\/2026\/04\/baskomutan-recep-tayyip-erdogan_2109888.jpg"},"modified":"2026-04-22T14:40:22","modified_gmt":"2026-04-22T11:40:22","slug":"baskomutan-recep-tayyip-erdogan_2109888-13","status":"inherit","type":"attachment","link":"https:\/\/kilosorunum.com\/habercim\/foto-galeri\/otvsiz-araclarin-durumu\/attachment\/baskomutan-recep-tayyip-erdogan_2109888-13\/","title":{"rendered":"\u00d6tv&#8217;siz ara\u00e7lar\u0131n durumu"},"author":2,"comment_status":"open","ping_status":"closed","template":"","meta":[],"description":{"rendered":"<p class=\"attachment\"><a href='https:\/\/kilosorunum.com\/habercim\/wp-content\/uploads\/2026\/04\/baskomutan-recep-tayyip-erdogan_2109888.jpg'><img width=\"300\" height=\"187\" src=\"https:\/\/kilosorunum.com\/habercim\/wp-content\/uploads\/2026\/04\/baskomutan-recep-tayyip-erdogan_2109888-300x187.jpg\" class=\"attachment-medium size-medium\" alt=\"\" loading=\"lazy\" srcset=\"https:\/\/kilosorunum.com\/habercim\/wp-content\/uploads\/2026\/04\/baskomutan-recep-tayyip-erdogan_2109888-300x187.jpg 300w, https:\/\/kilosorunum.com\/habercim\/wp-content\/uploads\/2026\/04\/baskomutan-recep-tayyip-erdogan_2109888-80x50.jpg 80w, https:\/\/kilosorunum.com\/habercim\/wp-content\/uploads\/2026\/04\/baskomutan-recep-tayyip-erdogan_2109888.jpg 485w\" sizes=\"(max-width: 300px) 100vw, 300px\" \/><\/a><\/p>\n"},"caption":{"rendered":"<p>Emeklilere \u00d6TV\u2019siz ara\u00e7 geliyor! Pe\u015f pe\u015fe emeklileri mutlu eden a\u00e7\u0131klamalar yap\u0131ld\u0131. \u015eartlar belli oldu\u2026<\/p>\n<p>devam\u0131 sonraki sayfada\u2026 g\u00f6rsel \u00fczerinden do2\u2019kununuz ge\u00e7ebilirsiniz\u2026<\/p>\n"},"alt_text":"","media_type":"image","mime_type":"image\/jpeg","media_details":{"width":485,"height":303,"file":"2026\/04\/baskomutan-recep-tayyip-erdogan_2109888.jpg","sizes":{"medium":{"file":"baskomutan-recep-tayyip-erdogan_2109888-300x187.jpg","width":300,"height":187,"mime_type":"image\/jpeg","source_url":"https:\/\/kilosorunum.com\/habercim\/wp-content\/uploads\/2026\/04\/baskomutan-recep-tayyip-erdogan_2109888-300x187.jpg"},"thumbnail":{"file":"baskomutan-recep-tayyip-erdogan_2109888-150x150.jpg","width":150,"height":150,"mime_type":"image\/jpeg","source_url":"https:\/\/kilosorunum.com\/habercim\/wp-content\/uploads\/2026\/04\/baskomutan-recep-tayyip-erdogan_2109888-150x150.jpg"},"kucukResim":{"file":"baskomutan-recep-tayyip-erdogan_2109888-80x50.jpg","width":80,"height":50,"mime_type":"image\/jpeg","source_url":"https:\/\/kilosorunum.com\/habercim\/wp-content\/uploads\/2026\/04\/baskomutan-recep-tayyip-erdogan_2109888-80x50.jpg"},"resim1":{"file":"baskomutan-recep-tayyip-erdogan_2109888-184x140.jpg","width":184,"height":140,"mime_type":"image\/jpeg","source_url":"https:\/\/kilosorunum.com\/habercim\/wp-content\/uploads\/2026\/04\/baskomutan-recep-tayyip-erdogan_2109888-184x140.jpg"},"resim2":{"file":"baskomutan-recep-tayyip-erdogan_2109888-216x103.jpg","width":216,"height":103,"mime_type":"image\/jpeg","source_url":"https:\/\/kilosorunum.com\/habercim\/wp-content\/uploads\/2026\/04\/baskomutan-recep-tayyip-erdogan_2109888-216x103.jpg"},"resim3":{"file":"baskomutan-recep-tayyip-erdogan_2109888-145x70.jpg","width":145,"height":70,"mime_type":"image\/jpeg","source_url":"https:\/\/kilosorunum.com\/habercim\/wp-content\/uploads\/2026\/04\/baskomutan-recep-tayyip-erdogan_2109888-145x70.jpg"},"sagSlider":{"file":"baskomutan-recep-tayyip-erdogan_2109888-300x150.jpg","width":300,"height":150,"mime_type":"image\/jpeg","source_url":"https:\/\/kilosorunum.com\/habercim\/wp-content\/uploads\/2026\/04\/baskomutan-recep-tayyip-erdogan_2109888-300x150.jpg"},"yeniSlider":{"file":"baskomutan-recep-tayyip-erdogan_2109888-485x290.jpg","width":485,"height":290,"mime_type":"image\/jpeg","source_url":"https:\/\/kilosorunum.com\/habercim\/wp-content\/uploads\/2026\/04\/baskomutan-recep-tayyip-erdogan_2109888-485x290.jpg"},"full":{"file":"baskomutan-recep-tayyip-erdogan_2109888.jpg","width":485,"height":303,"mime_type":"image\/jpeg","source_url":"https:\/\/kilosorunum.com\/habercim\/wp-content\/uploads\/2026\/04\/baskomutan-recep-tayyip-erdogan_2109888.jpg"}},"image_meta":{"aperture":"0","credit":"","camera":"","caption":"","created_timestamp":"0","copyright":"","focal_length":"0","iso":"0","shutter_speed":"0","title":"","orientation":"0","keywords":[]}},"post":46785,"source_url":"https:\/\/kilosorunum.com\/habercim\/wp-content\/uploads\/2026\/04\/baskomutan-recep-tayyip-erdogan_2109888.jpg","_links":{"self":[{"href":"https:\/\/kilosorunum.com\/habercim\/wp-json\/wp\/v2\/media\/46786"}],"collection":[{"href":"https:\/\/kilosorunum.com\/habercim\/wp-json\/wp\/v2\/media"}],"about":[{"href":"https:\/\/kilosorunum.com\/habercim\/wp-json\/wp\/v2\/types\/attachment"}],"author":[{"embeddable":true,"href":"https:\/\/kilosorunum.com\/habercim\/wp-json\/wp\/v2\/users\/2"}],"replies":[{"embeddable":true,"href":"https:\/\/kilosorunum.com\/habercim\/wp-json\/wp\/v2\/comments?post=46786"}]}}

Ötv&#8217;siz araçların durumu

<p>Emeklilere ÖTV’siz araç geliyor! Peş peşe emeklileri mutlu eden açıklamalar yapıldı. Şartlar belli oldu…</p>
<p>devamı sonraki sayfada… görsel üzerinden do2’kununuz geçebilirsiniz…</p>
