{"id":46924,"date":"2026-04-24T00:16:41","date_gmt":"2026-04-23T21:16:41","guid":{"rendered":"https:\/\/kilosorunum.com\/habercim\/wp-content\/uploads\/2026\/04\/1-260.jpg"},"modified":"2026-04-24T00:17:44","modified_gmt":"2026-04-23T21:17:44","slug":"1-5995","status":"inherit","type":"attachment","link":"https:\/\/kilosorunum.com\/habercim\/foto-galeri\/diyarbakirda-il-emniyet-mudurlugu\/attachment\/1-5995\/","title":{"rendered":"Diyarbak\u0131r&#8217;da \u0130l Emniyet M\u00fcd\u00fcrl\u00fc\u011f\u00fc"},"author":2,"comment_status":"open","ping_status":"closed","template":"","meta":[],"description":{"rendered":"<p class=\"attachment\"><a href='https:\/\/kilosorunum.com\/habercim\/wp-content\/uploads\/2026\/04\/1-260.jpg'><img width=\"300\" height=\"169\" src=\"https:\/\/kilosorunum.com\/habercim\/wp-content\/uploads\/2026\/04\/1-260-300x169.jpg\" class=\"attachment-medium size-medium\" alt=\"\" loading=\"lazy\" srcset=\"https:\/\/kilosorunum.com\/habercim\/wp-content\/uploads\/2026\/04\/1-260-300x169.jpg 300w, https:\/\/kilosorunum.com\/habercim\/wp-content\/uploads\/2026\/04\/1-260-1024x576.jpg 1024w, https:\/\/kilosorunum.com\/habercim\/wp-content\/uploads\/2026\/04\/1-260-768x432.jpg 768w, https:\/\/kilosorunum.com\/habercim\/wp-content\/uploads\/2026\/04\/1-260.jpg 1200w\" sizes=\"(max-width: 300px) 100vw, 300px\" \/><\/a><\/p>\n"},"caption":{"rendered":"<p>Diyarbak\u0131r&#8217;da \u0130l Emniyet M\u00fcd\u00fcrl\u00fc\u011f\u00fc Asayi\u015f \u015eube M\u00fcd\u00fcrl\u00fc\u011f\u00fc Yunus Timleri taraf\u0131ndan Narin G\u00fcran cinayetinin tutuklu san\u0131\u011f\u0131 Nevzat Bahtiyar&#8217;\u0131n duru\u015fmas\u0131n\u0131n oldu\u011fu 16 Nisan&#8217;da, Diyarbak\u0131r Adliyesi arkas\u0131nda ger\u00e7ekle\u015ftirilen kontrol kapsam\u0131nda bir ara\u00e7ta arama yap\u0131ld\u0131.<\/p>\n<p>Aramada, 2 ruhsats\u0131z tabanca ve \u00e7ok say\u0131da mermi ele ge\u00e7irildi.<\/p>\n<p>Ara\u00e7ta, Narin G\u00fcran cinayeti davas\u0131n\u0131n san\u0131\u011f\u0131 Bahtiyar&#8217;\u0131n o\u011flu \u0130brahim Bahtiyar ile biri 18 ya\u015f\u0131ndan k\u00fc\u00e7\u00fck 2 ki\u015fi g\u00f6zalt\u0131na al\u0131nd\u0131.<\/p>\n<p>Emniyetteki i\u015flemlerinin ard\u0131ndan adliyeye sevk edilen \u015f\u00fcphelilerden \u0130brahim Bahtiyar tutukland\u0131, di\u011ferleri serbest b\u0131rak\u0131ld\u0131.<\/p>\n<p>Diyarbak\u0131r&#8217;da 8 ya\u015f\u0131ndaki Narin G\u00fcran&#8217;\u0131n \u00f6ld\u00fcr\u00fclmesine ili\u015fkin &#8220;su\u00e7 delillerini yok etme, gizleme veya de\u011fi\u015ftirme&#8221; su\u00e7undan verilen 4 y\u0131l 6 ay hapis cezas\u0131 karar\u0131n\u0131n Yarg\u0131tay 1. Ceza Dairesince bozulmas\u0131n\u0131n ard\u0131ndan san\u0131k Nevzat Bahtiyar Diyarbak\u0131r 8. A\u011f\u0131r Ceza Mahkemesinde yeniden yarg\u0131lanm\u0131\u015f, Bahtiyar&#8217;a 16 Nisan&#8217;da g\u00f6r\u00fclen ikinci duru\u015fmada &#8220;nitelikli kasten \u00f6ld\u00fcrmeye yard\u0131m&#8221; su\u00e7undan 17 y\u0131l hapis cezas\u0131 verilmi\u015fti.<\/p>\n<p>Kaynak : trthaber.com<\/p>\n"},"alt_text":"","media_type":"image","mime_type":"image\/jpeg","media_details":{"width":1200,"height":675,"file":"2026\/04\/1-260.jpg","sizes":{"medium":{"file":"1-260-300x169.jpg","width":300,"height":169,"mime_type":"image\/jpeg","source_url":"https:\/\/kilosorunum.com\/habercim\/wp-content\/uploads\/2026\/04\/1-260-300x169.jpg"},"large":{"file":"1-260-1024x576.jpg","width":1024,"height":576,"mime_type":"image\/jpeg","source_url":"https:\/\/kilosorunum.com\/habercim\/wp-content\/uploads\/2026\/04\/1-260-1024x576.jpg"},"thumbnail":{"file":"1-260-150x150.jpg","width":150,"height":150,"mime_type":"image\/jpeg","source_url":"https:\/\/kilosorunum.com\/habercim\/wp-content\/uploads\/2026\/04\/1-260-150x150.jpg"},"medium_large":{"file":"1-260-768x432.jpg","width":768,"height":432,"mime_type":"image\/jpeg","source_url":"https:\/\/kilosorunum.com\/habercim\/wp-content\/uploads\/2026\/04\/1-260-768x432.jpg"},"kucukResim":{"file":"1-260-80x50.jpg","width":80,"height":50,"mime_type":"image\/jpeg","source_url":"https:\/\/kilosorunum.com\/habercim\/wp-content\/uploads\/2026\/04\/1-260-80x50.jpg"},"sliderResim":{"file":"1-260-670x330.jpg","width":670,"height":330,"mime_type":"image\/jpeg","source_url":"https:\/\/kilosorunum.com\/habercim\/wp-content\/uploads\/2026\/04\/1-260-670x330.jpg"},"resim1":{"file":"1-260-184x140.jpg","width":184,"height":140,"mime_type":"image\/jpeg","source_url":"https:\/\/kilosorunum.com\/habercim\/wp-content\/uploads\/2026\/04\/1-260-184x140.jpg"},"resim2":{"file":"1-260-216x103.jpg","width":216,"height":103,"mime_type":"image\/jpeg","source_url":"https:\/\/kilosorunum.com\/habercim\/wp-content\/uploads\/2026\/04\/1-260-216x103.jpg"},"resim3":{"file":"1-260-145x70.jpg","width":145,"height":70,"mime_type":"image\/jpeg","source_url":"https:\/\/kilosorunum.com\/habercim\/wp-content\/uploads\/2026\/04\/1-260-145x70.jpg"},"sagSlider":{"file":"1-260-300x150.jpg","width":300,"height":150,"mime_type":"image\/jpeg","source_url":"https:\/\/kilosorunum.com\/habercim\/wp-content\/uploads\/2026\/04\/1-260-300x150.jpg"},"yeniSlider":{"file":"1-260-500x290.jpg","width":500,"height":290,"mime_type":"image\/jpeg","source_url":"https:\/\/kilosorunum.com\/habercim\/wp-content\/uploads\/2026\/04\/1-260-500x290.jpg"},"full":{"file":"1-260.jpg","width":1200,"height":675,"mime_type":"image\/jpeg","source_url":"https:\/\/kilosorunum.com\/habercim\/wp-content\/uploads\/2026\/04\/1-260.jpg"}},"image_meta":{"aperture":"0","credit":"","camera":"","caption":"","created_timestamp":"0","copyright":"","focal_length":"0","iso":"0","shutter_speed":"0","title":"","orientation":"0","keywords":[]}},"post":46922,"source_url":"https:\/\/kilosorunum.com\/habercim\/wp-content\/uploads\/2026\/04\/1-260.jpg","_links":{"self":[{"href":"https:\/\/kilosorunum.com\/habercim\/wp-json\/wp\/v2\/media\/46924"}],"collection":[{"href":"https:\/\/kilosorunum.com\/habercim\/wp-json\/wp\/v2\/media"}],"about":[{"href":"https:\/\/kilosorunum.com\/habercim\/wp-json\/wp\/v2\/types\/attachment"}],"author":[{"embeddable":true,"href":"https:\/\/kilosorunum.com\/habercim\/wp-json\/wp\/v2\/users\/2"}],"replies":[{"embeddable":true,"href":"https:\/\/kilosorunum.com\/habercim\/wp-json\/wp\/v2\/comments?post=46924"}]}}

Diyarbakır&#8217;da İl Emniyet Müdürlüğü

<p>Diyarbakır&#8217;da İl Emniyet Müdürlüğü Asayiş Şube Müdürlüğü Yunus Timleri tarafından Narin Güran cinayetinin tutuklu sanığı Nevzat Bahtiyar&#8217;ın duruşmasının olduğu 16 Nisan&#8217;da, Diyarbakır Adliyesi arkasında gerçekleştirilen kontrol kapsamında bir araçta arama yapıldı.</p>
<p>Aramada, 2 ruhsatsız tabanca ve çok sayıda mermi ele geçirildi.</p>
<p>Araçta, Narin Güran cinayeti davasının sanığı Bahtiyar&#8217;ın oğlu İbrahim Bahtiyar ile biri 18 yaşından küçük 2 kişi gözaltına alındı.</p>
<p>Emniyetteki işlemlerinin ardından adliyeye sevk edilen şüphelilerden İbrahim Bahtiyar tutuklandı, diğerleri serbest bırakıldı.</p>
<p>Diyarbakır&#8217;da 8 yaşındaki Narin Güran&#8217;ın öldürülmesine ilişkin &#8220;suç delillerini yok etme, gizleme veya değiştirme&#8221; suçundan verilen 4 yıl 6 ay hapis cezası kararının Yargıtay 1. Ceza Dairesince bozulmasının ardından sanık Nevzat Bahtiyar Diyarbakır 8. Ağır Ceza Mahkemesinde yeniden yargılanmış, Bahtiyar&#8217;a 16 Nisan&#8217;da görülen ikinci duruşmada &#8220;nitelikli kasten öldürmeye yardım&#8221; suçundan 17 yıl hapis cezası verilmişti.</p>
<p>Kaynak : trthaber.com</p>
