{"id":47001,"date":"2026-04-24T23:29:01","date_gmt":"2026-04-24T20:29:01","guid":{"rendered":"https:\/\/kilosorunum.com\/habercim\/wp-content\/uploads\/2026\/04\/1-15-768x201-299.jpg"},"modified":"2026-04-24T23:30:11","modified_gmt":"2026-04-24T20:30:11","slug":"1-15-768x201-2619","status":"inherit","type":"attachment","link":"https:\/\/kilosorunum.com\/habercim\/genel\/kesinlikle-tuketmeyin\/attachment\/1-15-768x201-2619\/","title":{"rendered":"Kesinlikle t\u00fcketmeyin"},"author":2,"comment_status":"open","ping_status":"closed","template":"","meta":[],"description":{"rendered":"<p class=\"attachment\"><a href='https:\/\/kilosorunum.com\/habercim\/wp-content\/uploads\/2026\/04\/1-15-768x201-299.jpg'><img width=\"300\" height=\"79\" src=\"https:\/\/kilosorunum.com\/habercim\/wp-content\/uploads\/2026\/04\/1-15-768x201-299-300x79.jpg\" class=\"attachment-medium size-medium\" alt=\"\" loading=\"lazy\" srcset=\"https:\/\/kilosorunum.com\/habercim\/wp-content\/uploads\/2026\/04\/1-15-768x201-299-300x79.jpg 300w, https:\/\/kilosorunum.com\/habercim\/wp-content\/uploads\/2026\/04\/1-15-768x201-299.jpg 768w\" sizes=\"(max-width: 300px) 100vw, 300px\" \/><\/a><\/p>\n"},"caption":{"rendered":"<p>Fransa\u2019da &#8220;Le Cavalier&#8221; isimli \u00fcnl\u00fc peynir markas\u0131nda bakteri oldu\u011fu anla\u015f\u0131ld\u0131. Markan\u0131n raflardan toplat\u0131lmas\u0131na karar verildi. Peynirin ciddi sa\u011fl\u0131k sorunlar\u0131na yol a\u00e7abilece\u011fi vurgulanarak &#8220;Kesinlikle t\u00fcketmeyin&#8221; uyar\u0131s\u0131 yap\u0131ld\u0131.<br \/>\nFransa\u2019da \u00fcnl\u00fc bir peynir markas\u0131yla ilgili kritik bir geli\u015fme ya\u015fand\u0131. &#8220;Le Cavalier&#8221; isimli \u00fcnl\u00fc peynir markas\u0131 raflardan toplat\u0131l\u0131yor. \u00dcr\u00fcnde \u2018listeria\u2019 isimli bakterinin tespit edildi.<\/p>\n<p>UZMANLARDAN UYARI<br \/>\n\u00dcr\u00fcnler market raflar\u0131ndan apar topar toplan\u0131rken t\u00fcketicilere de uyar\u0131 yap\u0131ld\u0131. T\u00fcketici platformundan konu ile ilgili yap\u0131lan a\u00e7\u0131klamada, peynirin ciddi sa\u011fl\u0131k sorunlar\u0131na yol a\u00e7abilece\u011fi vurgulanarak &#8220;Kesinlikle t\u00fcketmeyin&#8221; uyar\u0131s\u0131 yap\u0131ld\u0131. R\u0130SKL\u0130 \u00dcR\u00dcN 1 AY BOYUNCA SATI\u015eA SUNULDU<br \/>\nFrans\u0131z t\u00fcketici platformu RappelConso, s\u00f6z konusu peynirlerle ilgili a\u00e7\u0131klama yapt\u0131. Yap\u0131lan a\u00e7\u0131klamada riskli peynirlerin 25 Eyl\u00fcl-23 Ekim tarihleri aras\u0131nda Aldi ma\u011fazas\u0131 raflar\u0131nda sat\u0131ld\u0131\u011f\u0131 belirtildi. &#8220;KES\u0130NL\u0130KLE T\u00dcKETMEY\u0130N&#8221;<br \/>\nRappelConso, t\u00fcketicilere bu tarihler aras\u0131nda ald\u0131klar\u0131 peynirleri kesinlikle t\u00fcketmemeleri konusunda uyard\u0131. Elinde bu marka peynir olanlar\u0131n Aldi ma\u011fazalar\u0131na iade yaparak paralar\u0131n\u0131 alabilecekleri vurguland\u0131.<\/p>\n<p>Kaynak : cumhuriyet.com.tr<\/p>\n"},"alt_text":"","media_type":"image","mime_type":"image\/jpeg","media_details":{"width":768,"height":201,"file":"2026\/04\/1-15-768x201-299.jpg","sizes":{"medium":{"file":"1-15-768x201-299-300x79.jpg","width":300,"height":79,"mime_type":"image\/jpeg","source_url":"https:\/\/kilosorunum.com\/habercim\/wp-content\/uploads\/2026\/04\/1-15-768x201-299-300x79.jpg"},"thumbnail":{"file":"1-15-768x201-299-150x150.jpg","width":150,"height":150,"mime_type":"image\/jpeg","source_url":"https:\/\/kilosorunum.com\/habercim\/wp-content\/uploads\/2026\/04\/1-15-768x201-299-150x150.jpg"},"kucukResim":{"file":"1-15-768x201-299-80x50.jpg","width":80,"height":50,"mime_type":"image\/jpeg","source_url":"https:\/\/kilosorunum.com\/habercim\/wp-content\/uploads\/2026\/04\/1-15-768x201-299-80x50.jpg"},"sliderResim":{"file":"1-15-768x201-299-670x201.jpg","width":670,"height":201,"mime_type":"image\/jpeg","source_url":"https:\/\/kilosorunum.com\/habercim\/wp-content\/uploads\/2026\/04\/1-15-768x201-299-670x201.jpg"},"resim1":{"file":"1-15-768x201-299-184x140.jpg","width":184,"height":140,"mime_type":"image\/jpeg","source_url":"https:\/\/kilosorunum.com\/habercim\/wp-content\/uploads\/2026\/04\/1-15-768x201-299-184x140.jpg"},"resim2":{"file":"1-15-768x201-299-216x103.jpg","width":216,"height":103,"mime_type":"image\/jpeg","source_url":"https:\/\/kilosorunum.com\/habercim\/wp-content\/uploads\/2026\/04\/1-15-768x201-299-216x103.jpg"},"resim3":{"file":"1-15-768x201-299-145x70.jpg","width":145,"height":70,"mime_type":"image\/jpeg","source_url":"https:\/\/kilosorunum.com\/habercim\/wp-content\/uploads\/2026\/04\/1-15-768x201-299-145x70.jpg"},"sagSlider":{"file":"1-15-768x201-299-300x150.jpg","width":300,"height":150,"mime_type":"image\/jpeg","source_url":"https:\/\/kilosorunum.com\/habercim\/wp-content\/uploads\/2026\/04\/1-15-768x201-299-300x150.jpg"},"yeniSlider":{"file":"1-15-768x201-299-500x201.jpg","width":500,"height":201,"mime_type":"image\/jpeg","source_url":"https:\/\/kilosorunum.com\/habercim\/wp-content\/uploads\/2026\/04\/1-15-768x201-299-500x201.jpg"},"full":{"file":"1-15-768x201-299.jpg","width":768,"height":201,"mime_type":"image\/jpeg","source_url":"https:\/\/kilosorunum.com\/habercim\/wp-content\/uploads\/2026\/04\/1-15-768x201-299.jpg"}},"image_meta":{"aperture":"0","credit":"","camera":"","caption":"","created_timestamp":"0","copyright":"","focal_length":"0","iso":"0","shutter_speed":"0","title":"","orientation":"0","keywords":[]}},"post":46999,"source_url":"https:\/\/kilosorunum.com\/habercim\/wp-content\/uploads\/2026\/04\/1-15-768x201-299.jpg","_links":{"self":[{"href":"https:\/\/kilosorunum.com\/habercim\/wp-json\/wp\/v2\/media\/47001"}],"collection":[{"href":"https:\/\/kilosorunum.com\/habercim\/wp-json\/wp\/v2\/media"}],"about":[{"href":"https:\/\/kilosorunum.com\/habercim\/wp-json\/wp\/v2\/types\/attachment"}],"author":[{"embeddable":true,"href":"https:\/\/kilosorunum.com\/habercim\/wp-json\/wp\/v2\/users\/2"}],"replies":[{"embeddable":true,"href":"https:\/\/kilosorunum.com\/habercim\/wp-json\/wp\/v2\/comments?post=47001"}]}}

Kesinlikle tüketmeyin

<p>Fransa’da &#8220;Le Cavalier&#8221; isimli ünlü peynir markasında bakteri olduğu anlaşıldı. Markanın raflardan toplatılmasına karar verildi. Peynirin ciddi sağlık sorunlarına yol açabileceği vurgulanarak &#8220;Kesinlikle tüketmeyin&#8221; uyarısı yapıldı.<br />
Fransa’da ünlü bir peynir markasıyla ilgili kritik bir gelişme yaşandı. &#8220;Le Cavalier&#8221; isimli ünlü peynir markası raflardan toplatılıyor. Üründe ‘listeria’ isimli bakterinin tespit edildi.</p>
<p>UZMANLARDAN UYARI<br />
Ürünler market raflarından apar topar toplanırken tüketicilere de uyarı yapıldı. Tüketici platformundan konu ile ilgili yapılan açıklamada, peynirin ciddi sağlık sorunlarına yol açabileceği vurgulanarak &#8220;Kesinlikle tüketmeyin&#8221; uyarısı yapıldı. RİSKLİ ÜRÜN 1 AY BOYUNCA SATIŞA SUNULDU<br />
Fransız tüketici platformu RappelConso, söz konusu peynirlerle ilgili açıklama yaptı. Yapılan açıklamada riskli peynirlerin 25 Eylül-23 Ekim tarihleri arasında Aldi mağazası raflarında satıldığı belirtildi. &#8220;KESİNLİKLE TÜKETMEYİN&#8221;<br />
RappelConso, tüketicilere bu tarihler arasında aldıkları peynirleri kesinlikle tüketmemeleri konusunda uyardı. Elinde bu marka peynir olanların Aldi mağazalarına iade yaparak paralarını alabilecekleri vurgulandı.</p>
<p>Kaynak : cumhuriyet.com.tr</p>
