{"id":47055,"date":"2026-04-26T00:57:55","date_gmt":"2026-04-25T21:57:55","guid":{"rendered":"https:\/\/kilosorunum.com\/habercim\/wp-content\/uploads\/2026\/04\/baskomutan-recep-tayyip-erdogan_2109888-2.jpg"},"modified":"2026-04-26T00:58:21","modified_gmt":"2026-04-25T21:58:21","slug":"baskomutan-recep-tayyip-erdogan_2109888-15","status":"inherit","type":"attachment","link":"https:\/\/kilosorunum.com\/habercim\/foto-galeri\/12-ile-sabah-6\/attachment\/baskomutan-recep-tayyip-erdogan_2109888-15\/","title":{"rendered":"12 ile sabah 6"},"author":2,"comment_status":"open","ping_status":"closed","template":"","meta":[],"description":{"rendered":"<p class=\"attachment\"><a href='https:\/\/kilosorunum.com\/habercim\/wp-content\/uploads\/2026\/04\/baskomutan-recep-tayyip-erdogan_2109888-2.jpg'><img width=\"300\" height=\"187\" src=\"https:\/\/kilosorunum.com\/habercim\/wp-content\/uploads\/2026\/04\/baskomutan-recep-tayyip-erdogan_2109888-2-300x187.jpg\" class=\"attachment-medium size-medium\" alt=\"\" loading=\"lazy\" srcset=\"https:\/\/kilosorunum.com\/habercim\/wp-content\/uploads\/2026\/04\/baskomutan-recep-tayyip-erdogan_2109888-2-300x187.jpg 300w, https:\/\/kilosorunum.com\/habercim\/wp-content\/uploads\/2026\/04\/baskomutan-recep-tayyip-erdogan_2109888-2-80x50.jpg 80w, https:\/\/kilosorunum.com\/habercim\/wp-content\/uploads\/2026\/04\/baskomutan-recep-tayyip-erdogan_2109888-2.jpg 485w\" sizes=\"(max-width: 300px) 100vw, 300px\" \/><\/a><\/p>\n"},"caption":{"rendered":"<p>Cumhurba\u015fkan\u0131 Erdo\u011fan karar verdi! Gece saat 12 ile sabah 6 aras\u0131 yasak\u2026<br \/>\nGenelge mevsimlik tar\u0131m i\u015f\u00e7ileri ile ailelerinin \u00e7al\u0131\u015fma ve ya\u015fam ko\u015fullar\u0131n\u0131 d\u00fczenleyen kurallar i\u00e7eriyor.<\/p>\n<p>devam\u0131 sonraki sayfadad\u0131r\u2026 g\u00f6rsel \u00fczerinden do2\u2019kununuz ge\u00e7ebilirsiniz\u2026<\/p>\n"},"alt_text":"","media_type":"image","mime_type":"image\/jpeg","media_details":{"width":485,"height":303,"file":"2026\/04\/baskomutan-recep-tayyip-erdogan_2109888-2.jpg","sizes":{"medium":{"file":"baskomutan-recep-tayyip-erdogan_2109888-2-300x187.jpg","width":300,"height":187,"mime_type":"image\/jpeg","source_url":"https:\/\/kilosorunum.com\/habercim\/wp-content\/uploads\/2026\/04\/baskomutan-recep-tayyip-erdogan_2109888-2-300x187.jpg"},"thumbnail":{"file":"baskomutan-recep-tayyip-erdogan_2109888-2-150x150.jpg","width":150,"height":150,"mime_type":"image\/jpeg","source_url":"https:\/\/kilosorunum.com\/habercim\/wp-content\/uploads\/2026\/04\/baskomutan-recep-tayyip-erdogan_2109888-2-150x150.jpg"},"kucukResim":{"file":"baskomutan-recep-tayyip-erdogan_2109888-2-80x50.jpg","width":80,"height":50,"mime_type":"image\/jpeg","source_url":"https:\/\/kilosorunum.com\/habercim\/wp-content\/uploads\/2026\/04\/baskomutan-recep-tayyip-erdogan_2109888-2-80x50.jpg"},"resim1":{"file":"baskomutan-recep-tayyip-erdogan_2109888-2-184x140.jpg","width":184,"height":140,"mime_type":"image\/jpeg","source_url":"https:\/\/kilosorunum.com\/habercim\/wp-content\/uploads\/2026\/04\/baskomutan-recep-tayyip-erdogan_2109888-2-184x140.jpg"},"resim2":{"file":"baskomutan-recep-tayyip-erdogan_2109888-2-216x103.jpg","width":216,"height":103,"mime_type":"image\/jpeg","source_url":"https:\/\/kilosorunum.com\/habercim\/wp-content\/uploads\/2026\/04\/baskomutan-recep-tayyip-erdogan_2109888-2-216x103.jpg"},"resim3":{"file":"baskomutan-recep-tayyip-erdogan_2109888-2-145x70.jpg","width":145,"height":70,"mime_type":"image\/jpeg","source_url":"https:\/\/kilosorunum.com\/habercim\/wp-content\/uploads\/2026\/04\/baskomutan-recep-tayyip-erdogan_2109888-2-145x70.jpg"},"sagSlider":{"file":"baskomutan-recep-tayyip-erdogan_2109888-2-300x150.jpg","width":300,"height":150,"mime_type":"image\/jpeg","source_url":"https:\/\/kilosorunum.com\/habercim\/wp-content\/uploads\/2026\/04\/baskomutan-recep-tayyip-erdogan_2109888-2-300x150.jpg"},"yeniSlider":{"file":"baskomutan-recep-tayyip-erdogan_2109888-2-485x290.jpg","width":485,"height":290,"mime_type":"image\/jpeg","source_url":"https:\/\/kilosorunum.com\/habercim\/wp-content\/uploads\/2026\/04\/baskomutan-recep-tayyip-erdogan_2109888-2-485x290.jpg"},"full":{"file":"baskomutan-recep-tayyip-erdogan_2109888-2.jpg","width":485,"height":303,"mime_type":"image\/jpeg","source_url":"https:\/\/kilosorunum.com\/habercim\/wp-content\/uploads\/2026\/04\/baskomutan-recep-tayyip-erdogan_2109888-2.jpg"}},"image_meta":{"aperture":"0","credit":"","camera":"","caption":"","created_timestamp":"0","copyright":"","focal_length":"0","iso":"0","shutter_speed":"0","title":"","orientation":"0","keywords":[]}},"post":47054,"source_url":"https:\/\/kilosorunum.com\/habercim\/wp-content\/uploads\/2026\/04\/baskomutan-recep-tayyip-erdogan_2109888-2.jpg","_links":{"self":[{"href":"https:\/\/kilosorunum.com\/habercim\/wp-json\/wp\/v2\/media\/47055"}],"collection":[{"href":"https:\/\/kilosorunum.com\/habercim\/wp-json\/wp\/v2\/media"}],"about":[{"href":"https:\/\/kilosorunum.com\/habercim\/wp-json\/wp\/v2\/types\/attachment"}],"author":[{"embeddable":true,"href":"https:\/\/kilosorunum.com\/habercim\/wp-json\/wp\/v2\/users\/2"}],"replies":[{"embeddable":true,"href":"https:\/\/kilosorunum.com\/habercim\/wp-json\/wp\/v2\/comments?post=47055"}]}}

<p>Cumhurbaşkanı Erdoğan karar verdi! Gece saat 12 ile sabah 6 arası yasak…<br />
Genelge mevsimlik tarım işçileri ile ailelerinin çalışma ve yaşam koşullarını düzenleyen kurallar içeriyor.</p>
<p>devamı sonraki sayfadadır… görsel üzerinden do2’kununuz geçebilirsiniz…</p>
