{"id":47115,"date":"2026-04-27T15:24:58","date_gmt":"2026-04-27T12:24:58","guid":{"rendered":"https:\/\/kilosorunum.com\/habercim\/wp-content\/uploads\/2026\/04\/baskomutan-recep-tayyip-erdogan_2109888-3.jpg"},"modified":"2026-04-27T15:25:51","modified_gmt":"2026-04-27T12:25:51","slug":"baskomutan-recep-tayyip-erdogan_2109888-16","status":"inherit","type":"attachment","link":"https:\/\/kilosorunum.com\/habercim\/genel\/miktar\/attachment\/baskomutan-recep-tayyip-erdogan_2109888-16\/","title":{"rendered":"Miktar"},"author":2,"comment_status":"open","ping_status":"closed","template":"","meta":[],"description":{"rendered":"<p class=\"attachment\"><a href='https:\/\/kilosorunum.com\/habercim\/wp-content\/uploads\/2026\/04\/baskomutan-recep-tayyip-erdogan_2109888-3.jpg'><img width=\"300\" height=\"187\" src=\"https:\/\/kilosorunum.com\/habercim\/wp-content\/uploads\/2026\/04\/baskomutan-recep-tayyip-erdogan_2109888-3-300x187.jpg\" class=\"attachment-medium size-medium\" alt=\"\" loading=\"lazy\" srcset=\"https:\/\/kilosorunum.com\/habercim\/wp-content\/uploads\/2026\/04\/baskomutan-recep-tayyip-erdogan_2109888-3-300x187.jpg 300w, https:\/\/kilosorunum.com\/habercim\/wp-content\/uploads\/2026\/04\/baskomutan-recep-tayyip-erdogan_2109888-3-80x50.jpg 80w, https:\/\/kilosorunum.com\/habercim\/wp-content\/uploads\/2026\/04\/baskomutan-recep-tayyip-erdogan_2109888-3.jpg 485w\" sizes=\"(max-width: 300px) 100vw, 300px\" \/><\/a><\/p>\n"},"caption":{"rendered":"<p>Kurban Bayram\u0131 emekli bayram ikramiyesi ve maa\u015f takvimi a\u00e7\u0131kland\u0131..<\/p>\n<p>devam\u0131 i\u00e7in g\u00f6rsel ile beraber do2&#8217;kununuz ge\u00e7ebilirsiniz.. devam\u0131 sonraki sayfada&#8230;<\/p>\n"},"alt_text":"","media_type":"image","mime_type":"image\/jpeg","media_details":{"width":485,"height":303,"file":"2026\/04\/baskomutan-recep-tayyip-erdogan_2109888-3.jpg","sizes":{"medium":{"file":"baskomutan-recep-tayyip-erdogan_2109888-3-300x187.jpg","width":300,"height":187,"mime_type":"image\/jpeg","source_url":"https:\/\/kilosorunum.com\/habercim\/wp-content\/uploads\/2026\/04\/baskomutan-recep-tayyip-erdogan_2109888-3-300x187.jpg"},"thumbnail":{"file":"baskomutan-recep-tayyip-erdogan_2109888-3-150x150.jpg","width":150,"height":150,"mime_type":"image\/jpeg","source_url":"https:\/\/kilosorunum.com\/habercim\/wp-content\/uploads\/2026\/04\/baskomutan-recep-tayyip-erdogan_2109888-3-150x150.jpg"},"kucukResim":{"file":"baskomutan-recep-tayyip-erdogan_2109888-3-80x50.jpg","width":80,"height":50,"mime_type":"image\/jpeg","source_url":"https:\/\/kilosorunum.com\/habercim\/wp-content\/uploads\/2026\/04\/baskomutan-recep-tayyip-erdogan_2109888-3-80x50.jpg"},"resim1":{"file":"baskomutan-recep-tayyip-erdogan_2109888-3-184x140.jpg","width":184,"height":140,"mime_type":"image\/jpeg","source_url":"https:\/\/kilosorunum.com\/habercim\/wp-content\/uploads\/2026\/04\/baskomutan-recep-tayyip-erdogan_2109888-3-184x140.jpg"},"resim2":{"file":"baskomutan-recep-tayyip-erdogan_2109888-3-216x103.jpg","width":216,"height":103,"mime_type":"image\/jpeg","source_url":"https:\/\/kilosorunum.com\/habercim\/wp-content\/uploads\/2026\/04\/baskomutan-recep-tayyip-erdogan_2109888-3-216x103.jpg"},"resim3":{"file":"baskomutan-recep-tayyip-erdogan_2109888-3-145x70.jpg","width":145,"height":70,"mime_type":"image\/jpeg","source_url":"https:\/\/kilosorunum.com\/habercim\/wp-content\/uploads\/2026\/04\/baskomutan-recep-tayyip-erdogan_2109888-3-145x70.jpg"},"sagSlider":{"file":"baskomutan-recep-tayyip-erdogan_2109888-3-300x150.jpg","width":300,"height":150,"mime_type":"image\/jpeg","source_url":"https:\/\/kilosorunum.com\/habercim\/wp-content\/uploads\/2026\/04\/baskomutan-recep-tayyip-erdogan_2109888-3-300x150.jpg"},"yeniSlider":{"file":"baskomutan-recep-tayyip-erdogan_2109888-3-485x290.jpg","width":485,"height":290,"mime_type":"image\/jpeg","source_url":"https:\/\/kilosorunum.com\/habercim\/wp-content\/uploads\/2026\/04\/baskomutan-recep-tayyip-erdogan_2109888-3-485x290.jpg"},"full":{"file":"baskomutan-recep-tayyip-erdogan_2109888-3.jpg","width":485,"height":303,"mime_type":"image\/jpeg","source_url":"https:\/\/kilosorunum.com\/habercim\/wp-content\/uploads\/2026\/04\/baskomutan-recep-tayyip-erdogan_2109888-3.jpg"}},"image_meta":{"aperture":"0","credit":"","camera":"","caption":"","created_timestamp":"0","copyright":"","focal_length":"0","iso":"0","shutter_speed":"0","title":"","orientation":"0","keywords":[]}},"post":47114,"source_url":"https:\/\/kilosorunum.com\/habercim\/wp-content\/uploads\/2026\/04\/baskomutan-recep-tayyip-erdogan_2109888-3.jpg","_links":{"self":[{"href":"https:\/\/kilosorunum.com\/habercim\/wp-json\/wp\/v2\/media\/47115"}],"collection":[{"href":"https:\/\/kilosorunum.com\/habercim\/wp-json\/wp\/v2\/media"}],"about":[{"href":"https:\/\/kilosorunum.com\/habercim\/wp-json\/wp\/v2\/types\/attachment"}],"author":[{"embeddable":true,"href":"https:\/\/kilosorunum.com\/habercim\/wp-json\/wp\/v2\/users\/2"}],"replies":[{"embeddable":true,"href":"https:\/\/kilosorunum.com\/habercim\/wp-json\/wp\/v2\/comments?post=47115"}]}}

<p>Kurban Bayramı emekli bayram ikramiyesi ve maaş takvimi açıklandı..</p>
<p>devamı için görsel ile beraber do2&#8217;kununuz geçebilirsiniz.. devamı sonraki sayfada&#8230;</p>
